Last updated on 2024-06-29 06:49:36 CEST.
Flavor | Version | Tinstall | Tcheck | Ttotal | Status | Flags |
---|---|---|---|---|---|---|
r-devel-linux-x86_64-debian-clang | 1.0.1 | 43.47 | 49.19 | 92.66 | OK | |
r-devel-linux-x86_64-debian-gcc | 1.0.1 | 37.52 | 38.95 | 76.47 | OK | |
r-devel-linux-x86_64-fedora-clang | 1.0.1 | 122.47 | NOTE | |||
r-devel-linux-x86_64-fedora-gcc | 1.0.1 | 120.04 | OK | |||
r-devel-windows-x86_64 | 1.0.1 | 40.00 | 59.00 | 99.00 | NOTE | |
r-patched-linux-x86_64 | 1.0.1 | 40.26 | 47.83 | 88.09 | OK | |
r-release-linux-x86_64 | 1.0.1 | 40.36 | 48.79 | 89.15 | OK | |
r-release-macos-arm64 | 1.0.1 | 53.00 | NOTE | |||
r-release-macos-x86_64 | 1.0.1 | 71.00 | NOTE | |||
r-release-windows-x86_64 | 1.0.1 | 41.00 | 57.00 | 98.00 | NOTE | |
r-oldrel-macos-arm64 | 1.0.1 | 55.00 | NOTE | |||
r-oldrel-macos-x86_64 | 1.0.1 | 78.00 | NOTE | |||
r-oldrel-windows-x86_64 | 1.0.1 | 49.00 | 62.00 | 111.00 | NOTE |
Version: 1.0.1
Check: installed package size
Result: NOTE
installed size is 5.4Mb
sub-directories of 1Mb or more:
data 5.3Mb
Flavors: r-devel-linux-x86_64-fedora-clang, r-devel-windows-x86_64, r-release-macos-arm64, r-release-macos-x86_64, r-release-windows-x86_64, r-oldrel-macos-arm64, r-oldrel-macos-x86_64, r-oldrel-windows-x86_64