Last updated on 2024-06-26 03:49:21 CEST.
Flavor | Version | Tinstall | Tcheck | Ttotal | Status | Flags |
---|---|---|---|---|---|---|
r-devel-linux-x86_64-debian-clang | 0.1.15 | NOTE | ||||
r-devel-linux-x86_64-debian-gcc | 0.1.15 | 4.96 | 39.29 | 44.25 | NOTE | |
r-devel-linux-x86_64-fedora-clang | 0.1.15 | 73.28 | NOTE | |||
r-devel-linux-x86_64-fedora-gcc | 0.1.15 | 68.74 | NOTE | |||
r-devel-windows-x86_64 | 0.1.15 | 7.00 | 56.00 | 63.00 | NOTE | |
r-patched-linux-x86_64 | 0.1.15 | 4.09 | 49.93 | 54.02 | NOTE | |
r-release-linux-x86_64 | 0.1.15 | 6.53 | 49.86 | 56.39 | NOTE | |
r-release-macos-arm64 | 0.1.15 | 25.00 | NOTE | |||
r-release-macos-x86_64 | 0.1.15 | 37.00 | NOTE | |||
r-release-windows-x86_64 | 0.1.15 | 7.00 | 58.00 | 65.00 | NOTE | |
r-oldrel-macos-arm64 | 0.1.15 | 25.00 | NOTE | |||
r-oldrel-macos-x86_64 | 0.1.15 | 40.00 | NOTE | |||
r-oldrel-windows-x86_64 | 0.1.15 | 9.00 | 66.00 | 75.00 | NOTE |
Version: 0.1.15
Check: LazyData
Result: NOTE
'LazyData' is specified without a 'data' directory
Flavors: r-devel-linux-x86_64-debian-clang, r-devel-linux-x86_64-debian-gcc, r-devel-linux-x86_64-fedora-clang, r-devel-linux-x86_64-fedora-gcc, r-devel-windows-x86_64, r-patched-linux-x86_64, r-release-linux-x86_64, r-release-macos-arm64, r-release-macos-x86_64, r-release-windows-x86_64, r-oldrel-macos-arm64, r-oldrel-macos-x86_64, r-oldrel-windows-x86_64