Last updated on 2025-10-22 05:51:01 CEST.
Flavor | Version | Tinstall | Tcheck | Ttotal | Status | Flags |
---|---|---|---|---|---|---|
r-devel-linux-x86_64-debian-clang | 0.1-2 | 2.67 | 26.67 | 29.34 | NOTE | |
r-devel-linux-x86_64-debian-gcc | 0.1-2 | 1.97 | 20.83 | 22.80 | NOTE | |
r-devel-linux-x86_64-fedora-clang | 0.1-2 | 13.00 | 39.95 | 52.95 | OK | |
r-devel-linux-x86_64-fedora-gcc | 0.1-2 | 41.12 | OK | |||
r-devel-windows-x86_64 | 0.1-2 | 4.00 | 43.00 | 47.00 | OK | |
r-patched-linux-x86_64 | 0.1-2 | 3.05 | 25.17 | 28.22 | OK | |
r-release-linux-x86_64 | 0.1-2 | 2.52 | 25.36 | 27.88 | OK | |
r-release-macos-arm64 | 0.1-2 | 1.00 | 15.00 | 16.00 | OK | |
r-release-macos-x86_64 | 0.1-2 | 2.00 | 28.00 | 30.00 | OK | |
r-release-windows-x86_64 | 0.1-2 | 6.00 | 45.00 | 51.00 | OK | |
r-oldrel-macos-arm64 | 0.1-2 | 1.00 | 19.00 | 20.00 | OK | |
r-oldrel-macos-x86_64 | 0.1-2 | 2.00 | 24.00 | 26.00 | OK | |
r-oldrel-windows-x86_64 | 0.1-2 | 4.00 | 44.00 | 48.00 | OK |
Version: 0.1-2
Check: CRAN incoming feasibility
Result: NOTE
Maintainer: ‘Deborah Burr <burr@stat.ufl.edu>’
No Authors@R field in DESCRIPTION.
Please add one, modifying
Authors@R: person(given = "Deborah",
family = "Burr",
role = c("aut", "cre"),
email = "burr@stat.ufl.edu")
as necessary.
Package CITATION file contains call(s) to old-style personList() or
as.personList(). Please use c() on person objects instead.
Package CITATION file contains call(s) to old-style citEntry(). Please
use bibentry() instead.
Flavors: r-devel-linux-x86_64-debian-clang, r-devel-linux-x86_64-debian-gcc
Version: 0.1-2
Check: HTML version of manual
Result: NOTE
Found the following HTML validation problems:
draw.bf.html:59:1 (draw.bf.Rd:19): Warning: missing </ul> before </div>
print.dir.cond.html:54:1 (print.dir.cond.Rd:11): Warning: missing </ul> before </div>
print.dir.ord.html:54:1 (print.dir.ord.Rd:11): Warning: missing </ul> before </div>
Flavors: r-devel-linux-x86_64-debian-clang, r-devel-linux-x86_64-debian-gcc