Last updated on 2025-10-22 05:51:01 CEST.
Flavor | Version | Tinstall | Tcheck | Ttotal | Status | Flags |
---|---|---|---|---|---|---|
r-devel-linux-x86_64-debian-clang | 0.6.1 | 6.06 | 100.27 | 106.33 | NOTE | |
r-devel-linux-x86_64-debian-gcc | 0.6.1 | 4.00 | 71.00 | 75.00 | NOTE | |
r-devel-linux-x86_64-fedora-clang | 0.6.1 | 23.00 | 158.68 | 181.68 | OK | |
r-devel-linux-x86_64-fedora-gcc | 0.6.1 | 11.00 | 155.10 | 166.10 | OK | |
r-devel-windows-x86_64 | 0.6.1 | 8.00 | 112.00 | 120.00 | OK | |
r-patched-linux-x86_64 | 0.6.1 | 5.67 | 93.32 | 98.99 | OK | |
r-release-linux-x86_64 | 0.6.1 | 5.67 | 94.46 | 100.13 | OK | |
r-release-macos-arm64 | 0.6.1 | 3.00 | 46.00 | 49.00 | OK | |
r-release-macos-x86_64 | 0.6.1 | 5.00 | 119.00 | 124.00 | OK | |
r-release-windows-x86_64 | 0.6.1 | 9.00 | 114.00 | 123.00 | OK | |
r-oldrel-macos-arm64 | 0.6.1 | 3.00 | 45.00 | 48.00 | OK | |
r-oldrel-macos-x86_64 | 0.6.1 | 4.00 | 66.00 | 70.00 | OK | |
r-oldrel-windows-x86_64 | 0.6.1 | 10.00 | 140.00 | 150.00 | OK |
Version: 0.6.1
Check: CRAN incoming feasibility
Result: NOTE
Maintainer: ‘Steven Malevich <sbmalev@gmail.com>’
Package CITATION file contains call(s) to old-style personList() or
as.personList(). Please use c() on person objects instead.
Package CITATION file contains call(s) to old-style citEntry(). Please
use bibentry() instead.
Flavors: r-devel-linux-x86_64-debian-clang, r-devel-linux-x86_64-debian-gcc