Last updated on 2025-10-22 05:51:01 CEST.
Flavor | Version | Tinstall | Tcheck | Ttotal | Status | Flags |
---|---|---|---|---|---|---|
r-devel-linux-x86_64-debian-clang | 0.1-0 | 9.60 | 64.23 | 73.83 | NOTE | |
r-devel-linux-x86_64-debian-gcc | 0.1-0 | 6.25 | 46.70 | 52.95 | NOTE | |
r-devel-linux-x86_64-fedora-clang | 0.1-0 | 41.00 | 86.79 | 127.79 | NOTE | |
r-devel-linux-x86_64-fedora-gcc | 0.1-0 | 20.00 | 97.54 | 117.54 | NOTE | |
r-devel-windows-x86_64 | 0.1-0 | 11.00 | 83.00 | 94.00 | NOTE | |
r-patched-linux-x86_64 | 0.1-0 | 8.95 | 61.15 | 70.10 | NOTE | |
r-release-linux-x86_64 | 0.1-0 | 7.41 | 60.01 | 67.42 | NOTE | |
r-release-macos-arm64 | 0.1-0 | 4.00 | 44.00 | 48.00 | NOTE | |
r-release-macos-x86_64 | 0.1-0 | 7.00 | 62.00 | 69.00 | NOTE | |
r-release-windows-x86_64 | 0.1-0 | 14.00 | 86.00 | 100.00 | NOTE | |
r-oldrel-macos-arm64 | 0.1-0 | 4.00 | 35.00 | 39.00 | NOTE | |
r-oldrel-macos-x86_64 | 0.1-0 | 6.00 | 51.00 | 57.00 | NOTE | |
r-oldrel-windows-x86_64 | 0.1-0 | 15.00 | 100.00 | 115.00 | NOTE |
Version: 0.1-0
Check: top-level files
Result: NOTE
Found the following validation problem for the NEWS.Rd HTML conversion:
NEWS.html:39:1 (inst/NEWS.Rd:9): Warning: missing </ul> before </div>
Flavors: r-devel-linux-x86_64-debian-clang, r-devel-linux-x86_64-debian-gcc
Version: 0.1-0
Check: Rd files
Result: NOTE
checkRd: (-1) depreciation-class.Rd:43: Lost braces in \itemize; meant \describe ?
checkRd: (-1) depreciation-class.Rd:44: Lost braces in \itemize; meant \describe ?
checkRd: (-1) depreciation-class.Rd:45: Lost braces in \itemize; meant \describe ?
checkRd: (-1) depreciation-class.Rd:46-47: Lost braces in \itemize; meant \describe ?
checkRd: (-1) loan-class.Rd:46-48: Lost braces in \itemize; meant \describe ?
checkRd: (-1) loan-class.Rd:49: Lost braces in \itemize; meant \describe ?
checkRd: (-1) loan-class.Rd:50-51: Lost braces in \itemize; meant \describe ?
checkRd: (-1) model2df-methods.Rd:32-33: Lost braces in \itemize; meant \describe ?
checkRd: (-1) model2df-methods.Rd:34-35: Lost braces in \itemize; meant \describe ?
checkRd: (-1) model2df-methods.Rd:36-37: Lost braces in \itemize; meant \describe ?
checkRd: (-1) model2df-methods.Rd:38-39: Lost braces in \itemize; meant \describe ?
Flavors: r-devel-linux-x86_64-debian-clang, r-devel-linux-x86_64-debian-gcc, r-devel-linux-x86_64-fedora-clang, r-devel-linux-x86_64-fedora-gcc, r-devel-windows-x86_64, r-patched-linux-x86_64, r-release-linux-x86_64, r-release-macos-arm64, r-release-macos-x86_64, r-release-windows-x86_64, r-oldrel-macos-arm64, r-oldrel-macos-x86_64, r-oldrel-windows-x86_64