Last updated on 2024-06-29 06:49:37 CEST.
Flavor | Version | Tinstall | Tcheck | Ttotal | Status | Flags |
---|---|---|---|---|---|---|
r-devel-linux-x86_64-debian-clang | 0.1.0 | 300.80 | 150.66 | 451.46 | NOTE | |
r-devel-linux-x86_64-debian-gcc | 0.1.0 | 259.89 | 128.68 | 388.57 | NOTE | |
r-devel-linux-x86_64-fedora-clang | 0.1.0 | 561.55 | NOTE | |||
r-devel-linux-x86_64-fedora-gcc | 0.1.0 | 739.58 | NOTE | |||
r-devel-windows-x86_64 | 0.1.0 | 247.00 | 154.00 | 401.00 | NOTE | |
r-patched-linux-x86_64 | 0.1.0 | 215.95 | 169.35 | 385.30 | NOTE | |
r-release-linux-x86_64 | 0.1.0 | 266.40 | 167.44 | 433.84 | NOTE | |
r-release-macos-arm64 | 0.1.0 | 135.00 | NOTE | |||
r-release-macos-x86_64 | 0.1.0 | 253.00 | NOTE | |||
r-release-windows-x86_64 | 0.1.0 | 251.00 | 145.00 | 396.00 | NOTE | |
r-oldrel-macos-arm64 | 0.1.0 | 133.00 | NOTE | |||
r-oldrel-macos-x86_64 | 0.1.0 | 214.00 | NOTE | |||
r-oldrel-windows-x86_64 | 0.1.0 | 302.00 | 188.00 | 490.00 | NOTE |
Version: 0.1.0
Check: for GNU extensions in Makefiles
Result: NOTE
GNU make is a SystemRequirements.
Flavors: r-devel-linux-x86_64-debian-clang, r-devel-linux-x86_64-debian-gcc, r-devel-linux-x86_64-fedora-clang, r-devel-linux-x86_64-fedora-gcc, r-devel-windows-x86_64, r-patched-linux-x86_64, r-release-linux-x86_64, r-release-macos-arm64, r-release-macos-x86_64, r-release-windows-x86_64, r-oldrel-macos-arm64, r-oldrel-macos-x86_64, r-oldrel-windows-x86_64
Version: 0.1.0
Check: dependencies in R code
Result: NOTE
Namespaces in Imports field not imported from:
‘RcppParallel’ ‘rstantools’
All declared Imports should be used.
Flavors: r-devel-linux-x86_64-fedora-clang, r-devel-linux-x86_64-fedora-gcc
Version: 0.1.0
Check: installed package size
Result: NOTE
installed size is 56.4Mb
sub-directories of 1Mb or more:
libs 56.0Mb
Flavors: r-release-macos-arm64, r-release-macos-x86_64, r-oldrel-macos-arm64, r-oldrel-macos-x86_64