Last updated on 2025-10-22 05:51:01 CEST.
Flavor | Version | Tinstall | Tcheck | Ttotal | Status | Flags |
---|---|---|---|---|---|---|
r-devel-linux-x86_64-debian-clang | 1.0.11 | 10.25 | 93.73 | 103.98 | NOTE | |
r-devel-linux-x86_64-debian-gcc | 1.0.11 | 6.80 | 68.97 | 75.77 | NOTE | |
r-devel-linux-x86_64-fedora-clang | 1.0.11 | 14.00 | 128.56 | 142.56 | OK | |
r-devel-linux-x86_64-fedora-gcc | 1.0.11 | 20.00 | 141.09 | 161.09 | OK | |
r-devel-windows-x86_64 | 1.0.11 | 12.00 | 115.00 | 127.00 | OK | |
r-patched-linux-x86_64 | 1.0.11 | 10.66 | 86.47 | 97.13 | OK | |
r-release-linux-x86_64 | 1.0.11 | 9.60 | 88.07 | 97.67 | OK | |
r-release-macos-arm64 | 1.0.11 | 4.00 | 52.00 | 56.00 | OK | |
r-release-macos-x86_64 | 1.0.11 | 19.00 | 166.00 | 185.00 | OK | |
r-release-windows-x86_64 | 1.0.11 | 16.00 | 116.00 | 132.00 | OK | |
r-oldrel-macos-arm64 | 1.0.11 | 4.00 | 44.00 | 48.00 | OK | |
r-oldrel-macos-x86_64 | 1.0.11 | 7.00 | 63.00 | 70.00 | OK | |
r-oldrel-windows-x86_64 | 1.0.11 | 16.00 | 141.00 | 157.00 | OK |
Version: 1.0.11
Check: HTML version of manual
Result: NOTE
Found the following HTML validation problems:
flush_memory.html:46:1 (flush_memory.Rd:10): Warning: missing </ul> before </div>
scale_x_truncate.html:59:1 (scale_x_truncate.Rd:19): Warning: missing </ul> before </div>
Flavors: r-devel-linux-x86_64-debian-clang, r-devel-linux-x86_64-debian-gcc