Last updated on 2024-06-26 03:49:22 CEST.
Flavor | Version | Tinstall | Tcheck | Ttotal | Status | Flags |
---|---|---|---|---|---|---|
r-devel-linux-x86_64-debian-clang | 0.2.3 | OK | ||||
r-devel-linux-x86_64-debian-gcc | 0.2.3 | 38.38 | 135.34 | 173.72 | OK | |
r-devel-linux-x86_64-fedora-clang | 0.2.3 | 299.68 | OK | |||
r-devel-linux-x86_64-fedora-gcc | 0.2.3 | 325.42 | OK | |||
r-devel-windows-x86_64 | 0.2.3 | 44.00 | 180.00 | 224.00 | OK | |
r-patched-linux-x86_64 | 0.2.3 | 48.05 | 178.59 | 226.64 | OK | |
r-release-linux-x86_64 | 0.2.3 | 37.04 | 179.70 | 216.74 | OK | |
r-release-macos-arm64 | 0.2.3 | 84.00 | NOTE | |||
r-release-macos-x86_64 | 0.2.3 | 138.00 | NOTE | |||
r-release-windows-x86_64 | 0.2.3 | 46.00 | 183.00 | 229.00 | OK | |
r-oldrel-macos-arm64 | 0.2.3 | 102.00 | NOTE | |||
r-oldrel-macos-x86_64 | 0.2.3 | 161.00 | NOTE | |||
r-oldrel-windows-x86_64 | 0.2.3 | 60.00 | 211.00 | 271.00 | OK |
Version: 0.2.3
Check: installed package size
Result: NOTE
installed size is 6.6Mb
sub-directories of 1Mb or more:
libs 6.3Mb
Flavors: r-release-macos-arm64, r-release-macos-x86_64, r-oldrel-macos-arm64, r-oldrel-macos-x86_64