Last updated on 2024-06-29 06:49:37 CEST.
Flavor | Version | Tinstall | Tcheck | Ttotal | Status | Flags |
---|---|---|---|---|---|---|
r-devel-linux-x86_64-debian-clang | 0.9.2 | 31.17 | 82.40 | 113.57 | NOTE | |
r-devel-linux-x86_64-debian-gcc | 0.9.2 | 23.53 | 59.49 | 83.02 | NOTE | |
r-devel-linux-x86_64-fedora-clang | 0.9.2 | 168.86 | NOTE | |||
r-devel-linux-x86_64-fedora-gcc | 0.9.2 | 143.96 | NOTE | |||
r-devel-windows-x86_64 | 0.9.2 | 29.00 | 89.00 | 118.00 | NOTE | |
r-patched-linux-x86_64 | 0.9.2 | 30.26 | 77.86 | 108.12 | OK | |
r-release-linux-x86_64 | 0.9.2 | 28.10 | 77.30 | 105.40 | OK | |
r-release-macos-arm64 | 0.9.2 | 55.00 | OK | |||
r-release-macos-x86_64 | 0.9.2 | 61.00 | OK | |||
r-release-windows-x86_64 | 0.9.2 | 31.00 | 90.00 | 121.00 | OK | |
r-oldrel-macos-arm64 | 0.9.2 | 55.00 | OK | |||
r-oldrel-macos-x86_64 | 0.9.2 | 107.00 | OK | |||
r-oldrel-windows-x86_64 | 0.9.2 | 30.00 | 149.00 | 179.00 | OK |
Version: 0.9.2
Check: compiled code
Result: NOTE
File ‘cheapr/libs/cheapr.so’:
Found non-API calls to R: ‘SET_TYPEOF’, ‘STRING_PTR’
Compiled code should not call non-API entry points in R.
See ‘Writing portable packages’ in the ‘Writing R Extensions’ manual.
See section ‘Moving into C API compliance’ in the ‘Writing R
Extensions’ manual for issues with use of non-API entry points.
Flavors: r-devel-linux-x86_64-debian-clang, r-devel-linux-x86_64-debian-gcc, r-devel-linux-x86_64-fedora-clang, r-devel-linux-x86_64-fedora-gcc
Version: 0.9.2
Check: compiled code
Result: NOTE
File 'cheapr/libs/x64/cheapr.dll':
Found non-API calls to R: 'SET_TYPEOF', 'STRING_PTR'
Compiled code should not call non-API entry points in R.
See 'Writing portable packages' in the 'Writing R Extensions' manual.
See section 'Moving into C API compliance' in the 'Writing R
Extensions' manual for issues with use of non-API entry points.
Flavor: r-devel-windows-x86_64