Last updated on 2025-11-02 13:49:33 CET.
| Flavor | Version | Tinstall | Tcheck | Ttotal | Status | Flags |
|---|---|---|---|---|---|---|
| r-devel-linux-x86_64-debian-clang | 7.3-23 | 3.25 | 24.72 | 27.97 | NOTE | |
| r-devel-linux-x86_64-debian-gcc | 7.3-23 | 2.48 | 19.60 | 22.08 | NOTE | |
| r-devel-linux-x86_64-fedora-clang | 7.3-23 | 39.21 | OK | |||
| r-devel-linux-x86_64-fedora-gcc | 7.3-23 | 37.35 | OK | |||
| r-devel-windows-x86_64 | 7.3-23 | 8.00 | 50.00 | 58.00 | OK | |
| r-patched-linux-x86_64 | 7.3-23 | 3.28 | 23.00 | 26.28 | OK | |
| r-release-linux-x86_64 | 7.3-23 | 3.07 | 23.07 | 26.14 | OK | |
| r-release-macos-arm64 | 7.3-23 | 3.00 | 15.00 | 18.00 | OK | |
| r-release-macos-x86_64 | 7.3-23 | 4.00 | 24.00 | 28.00 | OK | |
| r-release-windows-x86_64 | 7.3-23 | 8.00 | 51.00 | 59.00 | OK | |
| r-oldrel-macos-arm64 | 7.3-23 | 2.00 | 21.00 | 23.00 | OK | |
| r-oldrel-macos-x86_64 | 7.3-23 | 4.00 | 41.00 | 45.00 | OK | |
| r-oldrel-windows-x86_64 | 7.3-23 | 8.00 | 55.00 | 63.00 | OK |
Version: 7.3-23
Check: CRAN incoming feasibility
Result: NOTE
Maintainer: ‘Brian Ripley <Brian.Ripley@R-project.org>’
Package CITATION file contains call(s) to old-style personList() or
as.personList(). Please use c() on person objects instead.
Package CITATION file contains call(s) to old-style citEntry(). Please
use bibentry() instead.
Flavors: r-devel-linux-x86_64-debian-clang, r-devel-linux-x86_64-debian-gcc