Last updated on 2024-06-29 06:49:37 CEST.
Flavor | Version | Tinstall | Tcheck | Ttotal | Status | Flags |
---|---|---|---|---|---|---|
r-devel-linux-x86_64-debian-clang | 0.2.0 | 9.32 | 122.16 | 131.48 | OK | |
r-devel-linux-x86_64-debian-gcc | 0.2.0 | 6.85 | 90.65 | 97.50 | OK | |
r-devel-linux-x86_64-fedora-clang | 0.2.0 | 163.75 | NOTE | |||
r-devel-linux-x86_64-fedora-gcc | 0.2.0 | 173.24 | OK | |||
r-devel-windows-x86_64 | 0.2.0 | 10.00 | 113.00 | 123.00 | NOTE | |
r-patched-linux-x86_64 | 0.2.0 | 16.24 | 115.69 | 131.93 | OK | |
r-release-linux-x86_64 | 0.2.0 | 5.90 | 117.77 | 123.67 | OK | |
r-release-macos-arm64 | 0.2.0 | 56.00 | NOTE | |||
r-release-macos-x86_64 | 0.2.0 | 81.00 | NOTE | |||
r-release-windows-x86_64 | 0.2.0 | 10.00 | 111.00 | 121.00 | NOTE | |
r-oldrel-macos-arm64 | 0.2.0 | 66.00 | NOTE | |||
r-oldrel-macos-x86_64 | 0.2.0 | 146.00 | NOTE | |||
r-oldrel-windows-x86_64 | 0.2.0 | 12.00 | 137.00 | 149.00 | NOTE |
Version: 0.2.0
Check: installed package size
Result: NOTE
installed size is 7.6Mb
sub-directories of 1Mb or more:
doc 6.5Mb
Flavors: r-devel-linux-x86_64-fedora-clang, r-devel-windows-x86_64, r-release-macos-arm64, r-release-macos-x86_64, r-release-windows-x86_64, r-oldrel-macos-arm64, r-oldrel-macos-x86_64, r-oldrel-windows-x86_64