Last updated on 2025-11-02 13:49:33 CET.
| Flavor | Version | Tinstall | Tcheck | Ttotal | Status | Flags |
|---|---|---|---|---|---|---|
| r-devel-linux-x86_64-debian-clang | 0.9.9 | 45.57 | 76.91 | 122.48 | OK | |
| r-devel-linux-x86_64-debian-gcc | 0.9.9 | 36.06 | 63.56 | 99.62 | OK | |
| r-devel-linux-x86_64-fedora-clang | 0.9.9 | 151.00 | 68.05 | 219.05 | NOTE | |
| r-devel-linux-x86_64-fedora-gcc | 0.9.9 | 304.00 | -58.39 | 245.61 | NOTE | |
| r-devel-windows-x86_64 | 0.9.9 | 67.00 | 109.00 | 176.00 | OK | |
| r-patched-linux-x86_64 | 0.9.9 | 48.32 | 72.16 | 120.48 | OK | |
| r-release-linux-x86_64 | 0.9.9 | 49.45 | 72.35 | 121.80 | OK | |
| r-release-macos-arm64 | 0.9.9 | 23.00 | 65.00 | 88.00 | OK | |
| r-release-macos-x86_64 | 0.9.9 | 26.00 | 104.00 | 130.00 | OK | |
| r-release-windows-x86_64 | 0.9.9 | 68.00 | 105.00 | 173.00 | OK | |
| r-oldrel-macos-arm64 | 0.9.9 | 22.00 | 71.00 | 93.00 | NOTE | |
| r-oldrel-macos-x86_64 | 0.9.9 | 38.00 | 109.00 | 147.00 | NOTE | |
| r-oldrel-windows-x86_64 | 0.9.9 | 78.00 | 132.00 | 210.00 | OK |
Version: 0.9.9
Check: dependencies in R code
Result: NOTE
Namespace in Imports field not imported from: ‘R6’
All declared Imports should be used.
Flavors: r-devel-linux-x86_64-fedora-clang, r-devel-linux-x86_64-fedora-gcc
Version: 0.9.9
Check: installed package size
Result: NOTE
installed size is 17.0Mb
sub-directories of 1Mb or more:
libs 16.4Mb
Flavors: r-oldrel-macos-arm64, r-oldrel-macos-x86_64