Last updated on 2025-10-21 04:50:12 CEST.
Flavor | Version | Tinstall | Tcheck | Ttotal | Status | Flags |
---|---|---|---|---|---|---|
r-devel-linux-x86_64-debian-clang | 1.2.2 | 3.75 | 31.42 | 35.17 | OK | |
r-devel-linux-x86_64-debian-gcc | 1.2.2 | 3.16 | 24.66 | 27.82 | NOTE | |
r-devel-linux-x86_64-fedora-clang | 1.2.2 | 41.29 | OK | |||
r-devel-linux-x86_64-fedora-gcc | 1.2.2 | 48.14 | OK | |||
r-devel-windows-x86_64 | 1.2.2 | 5.00 | 50.00 | 55.00 | OK | |
r-patched-linux-x86_64 | 1.2.2 | 4.53 | 29.40 | 33.93 | OK | |
r-release-linux-x86_64 | 1.2.2 | 4.18 | 29.51 | 33.69 | OK | |
r-release-macos-arm64 | 1.2.2 | 20.00 | OK | |||
r-release-macos-x86_64 | 1.2.2 | 34.00 | OK | |||
r-release-windows-x86_64 | 1.2.2 | 6.00 | 52.00 | 58.00 | OK | |
r-oldrel-macos-arm64 | 1.2.2 | 24.00 | OK | |||
r-oldrel-macos-x86_64 | 1.2.2 | 39.00 | OK | |||
r-oldrel-windows-x86_64 | 1.2.2 | 9.00 | 58.00 | 67.00 | OK |
Version: 1.2.2
Check: HTML version of manual
Result: NOTE
Found the following HTML validation problems:
ClientValue.html:109:1 (ClientValue.Rd:79): Warning: <h5> anchor "Usage" already defined
ClientValue.html:128:1 (ClientValue.Rd:92): Warning: <h5> anchor "Usage" already defined
ClientValue.html:134:1 (ClientValue.Rd:96): Warning: <h5> anchor "Arguments" already defined
ClientValue.html:158:1 (ClientValue.Rd:110): Warning: <h5> anchor "Usage" already defined
ClientValue.html:164:1 (ClientValue.Rd:114): Warning: <h5> anchor "Arguments" already defined
SharedData.html:324:1 (SharedData.Rd:202): Warning: missing </ul> before </div>
SharedData.html:132:1 (SharedData.Rd:76): Warning: <h5> anchor "Usage" already defined
SharedData.html:149:1 (SharedData.Rd:87): Warning: <h5> anchor "Usage" already defined
SharedData.html:165:1 (SharedData.Rd:97): Warning: <h5> anchor "Usage" already defined
SharedData.html:187:1 (SharedData.Rd:113): Warning: <h5> anchor "Usage" already defined
SharedData.html:193:1 (SharedData.Rd:117): Warning: <h5> anchor "Arguments" already defined
SharedData.html:234:1 (SharedData.Rd:148): Warning: <h5> anchor "Usage" already defined
SharedData.html:240:1 (SharedData.Rd:152): Warning: <h5> anchor "Arguments" already defined
SharedData.html:272:1 (SharedData.Rd:174): Warning: <h5> anchor "Usage" already defined
SharedData.html:278:1 (SharedData.Rd:178): Warning: <h5> anchor "Arguments" already defined
SharedData.html:301:1 (SharedData.Rd:191): Warning: <h5> anchor "Usage" already defined
SharedData.html:307:1 (SharedData.Rd:195): Warning: <h5> anchor "Arguments" already defined
maintain_selection.html:56:1 (maintain_selection.Rd:15): Warning: missing </ul> before </div>
Flavor: r-devel-linux-x86_64-debian-gcc