CRAN Package Check Results for Package datapasta

Last updated on 2025-10-21 04:50:13 CEST.

Flavor Version Tinstall Tcheck Ttotal Status Flags
r-devel-linux-x86_64-debian-clang 3.1.0 2.25 34.37 36.62 OK
r-devel-linux-x86_64-debian-gcc 3.1.0 1.84 27.45 29.29 NOTE
r-devel-linux-x86_64-fedora-clang 3.1.0 57.93 OK
r-devel-linux-x86_64-fedora-gcc 3.1.0 67.55 OK
r-devel-windows-x86_64 3.1.0 4.00 54.00 58.00 OK
r-patched-linux-x86_64 3.1.0 3.03 32.31 35.34 OK
r-release-linux-x86_64 3.1.0 2.41 32.87 35.28 OK
r-release-macos-arm64 3.1.0 27.00 OK
r-release-macos-x86_64 3.1.0 52.00 OK
r-release-windows-x86_64 3.1.0 6.00 59.00 65.00 OK
r-oldrel-macos-arm64 3.1.0 26.00 NOTE
r-oldrel-macos-x86_64 3.1.0 40.00 NOTE
r-oldrel-windows-x86_64 3.1.0 5.00 64.00 69.00 NOTE

Check Details

Version: 3.1.0
Check: HTML version of manual
Result: NOTE Found the following HTML validation problems: dp_set_max_rows.html:46:1 (dp_set_max_rows.Rd:10): Warning: missing </ul> before </div> Flavor: r-devel-linux-x86_64-debian-gcc

Version: 3.1.0
Check: LazyData
Result: NOTE 'LazyData' is specified without a 'data' directory Flavors: r-oldrel-macos-arm64, r-oldrel-macos-x86_64, r-oldrel-windows-x86_64