Last updated on 2024-06-29 06:49:38 CEST.
Flavor | Version | Tinstall | Tcheck | Ttotal | Status | Flags |
---|---|---|---|---|---|---|
r-devel-linux-x86_64-debian-clang | 0.0.4 | 4.93 | 42.50 | 47.43 | OK | |
r-devel-linux-x86_64-debian-gcc | 0.0.4 | 3.52 | 31.77 | 35.29 | OK | |
r-devel-linux-x86_64-fedora-clang | 0.0.4 | 58.34 | NOTE | |||
r-devel-linux-x86_64-fedora-gcc | 0.0.4 | 58.14 | NOTE | |||
r-devel-windows-x86_64 | 0.0.4 | 6.00 | 52.00 | 58.00 | OK | |
r-patched-linux-x86_64 | 0.0.4 | 4.67 | 40.29 | 44.96 | OK | |
r-release-linux-x86_64 | 0.0.4 | 3.19 | 40.25 | 43.44 | OK | |
r-release-macos-arm64 | 0.0.4 | 21.00 | OK | |||
r-release-macos-x86_64 | 0.0.4 | 30.00 | OK | |||
r-release-windows-x86_64 | 0.0.4 | 5.00 | 51.00 | 56.00 | OK | |
r-oldrel-macos-arm64 | 0.0.4 | 28.00 | OK | |||
r-oldrel-macos-x86_64 | 0.0.4 | 42.00 | OK | |||
r-oldrel-windows-x86_64 | 0.0.4 | 6.00 | 58.00 | 64.00 | OK |
Version: 0.0.4
Check: data for non-ASCII characters
Result: NOTE
Note: found 2 marked UTF-8 strings
Flavors: r-devel-linux-x86_64-fedora-clang, r-devel-linux-x86_64-fedora-gcc