Last updated on 2025-10-21 04:50:13 CEST.
Flavor | Version | Tinstall | Tcheck | Ttotal | Status | Flags |
---|---|---|---|---|---|---|
r-devel-linux-x86_64-debian-clang | 1.0.0 | 8.38 | 213.10 | 221.48 | OK | |
r-devel-linux-x86_64-debian-gcc | 1.0.0 | 5.74 | 150.81 | 156.55 | NOTE | |
r-devel-linux-x86_64-fedora-clang | 1.0.0 | 349.06 | OK | |||
r-devel-linux-x86_64-fedora-gcc | 1.0.0 | 337.87 | OK | |||
r-devel-windows-x86_64 | 1.0.0 | 12.00 | 235.00 | 247.00 | OK | |
r-patched-linux-x86_64 | 1.0.0 | 6.59 | 202.06 | 208.65 | OK | |
r-release-linux-x86_64 | 1.0.0 | 8.61 | 201.33 | 209.94 | OK | |
r-release-macos-arm64 | 1.0.0 | 111.00 | OK | |||
r-release-macos-x86_64 | 1.0.0 | 203.00 | OK | |||
r-release-windows-x86_64 | 1.0.0 | 13.00 | 234.00 | 247.00 | OK | |
r-oldrel-macos-arm64 | 1.0.0 | 112.00 | OK | |||
r-oldrel-macos-x86_64 | 1.0.0 | 167.00 | OK | |||
r-oldrel-windows-x86_64 | 1.0.0 | 16.00 | 312.00 | 328.00 | OK |
Version: 1.0.0
Check: HTML version of manual
Result: NOTE
Found the following HTML validation problems:
GU_normalization_get_coefficients.html:52:1 (GU_normalization_get_coefficients.Rd:12): Warning: missing </ul> before </div>
GU_normalization_get_vcov.html:51:1 (GU_normalization_get_vcov.Rd:12): Warning: missing </ul> before </div>
GU_normalization_sum_coefficients.html:51:1 (GU_normalization_sum_coefficients.Rd:12): Warning: missing </ul> before </div>
GU_normalization_sum_vcov.html:51:1 (GU_normalization_sum_vcov.Rd:12): Warning: missing </ul> before </div>
bootstrap_estimate_ob_decompose.html:144:1 (bootstrap_estimate_ob_decompose.Rd:75): Warning: missing </ul> before </div>
dfl_decompose_bootstrap.html:123:1 (dfl_decompose_bootstrap.Rd:60): Warning: missing </ul> before </div>
dfl_decompose_estimate.html:143:1 (dfl_decompose_estimate.Rd:73): Warning: missing </ul> before </div>
estimate_ob_decompose.html:114:1 (estimate_ob_decompose.Rd:52): Warning: missing </ul> before </div>
fit_and_predict_probabilities.html:81:1 (fit_and_predict_probabilities.Rd:32): Warning: missing </ul> before </div>
get_distributional_statistics.html:84:1 (get_distributional_statistics.Rd:33): Warning: missing </ul> before </div>
ob_decompose_calculate_terms.html:80:1 (ob_decompose_calculate_terms.Rd:30): Warning: missing </ul> before </div>
select_observations_to_be_trimmed.html:67:1 (select_observations_to_be_trimmed.Rd:21): Warning: missing </ul> before </div>
Flavor: r-devel-linux-x86_64-debian-gcc