Last updated on 2024-06-29 06:49:39 CEST.
Flavor | Version | Tinstall | Tcheck | Ttotal | Status | Flags |
---|---|---|---|---|---|---|
r-devel-linux-x86_64-debian-clang | 2.3.3 | 13.42 | 117.01 | 130.43 | NOTE | |
r-devel-linux-x86_64-debian-gcc | 2.3.3 | 11.42 | 85.45 | 96.87 | NOTE | |
r-devel-linux-x86_64-fedora-clang | 2.3.3 | 161.41 | NOTE | |||
r-devel-linux-x86_64-fedora-gcc | 2.3.3 | 165.86 | NOTE | |||
r-devel-windows-x86_64 | 2.3.3 | 14.00 | 105.00 | 119.00 | NOTE | |
r-patched-linux-x86_64 | 2.3.3 | 14.67 | 108.50 | 123.17 | NOTE | |
r-release-linux-x86_64 | 2.3.3 | 13.88 | 107.58 | 121.46 | NOTE | |
r-release-macos-arm64 | 2.3.3 | 46.00 | NOTE | |||
r-release-macos-x86_64 | 2.3.3 | 69.00 | NOTE | |||
r-release-windows-x86_64 | 2.3.3 | 13.00 | 104.00 | 117.00 | NOTE | |
r-oldrel-macos-arm64 | 2.3.3 | 51.00 | OK | |||
r-oldrel-macos-x86_64 | 2.3.3 | 80.00 | OK | |||
r-oldrel-windows-x86_64 | 2.3.3 | 16.00 | 129.00 | 145.00 | OK |
Version: 2.3.3
Check: Rd files
Result: NOTE
checkRd: (-1) dsm_varprop.Rd:67: Lost braces
67 | parameter uncertainty. See Wood, Pya & S{\"a}fken (2016) for more
| ^
checkRd: (-1) dsm_varprop.Rd:100: Lost braces
100 | Wood, S.N., Pya, N. and S{\"a}fken, B. (2016) Smoothing parameter and model
| ^
Flavors: r-devel-linux-x86_64-debian-clang, r-devel-linux-x86_64-debian-gcc, r-devel-linux-x86_64-fedora-clang, r-devel-linux-x86_64-fedora-gcc, r-devel-windows-x86_64, r-patched-linux-x86_64, r-release-linux-x86_64, r-release-macos-arm64, r-release-macos-x86_64, r-release-windows-x86_64