Last updated on 2025-10-22 05:51:07 CEST.
Flavor | Version | Tinstall | Tcheck | Ttotal | Status | Flags |
---|---|---|---|---|---|---|
r-devel-linux-x86_64-debian-clang | 0.1.1 | 2.63 | 79.23 | 81.86 | NOTE | |
r-devel-linux-x86_64-debian-gcc | 0.1.1 | 1.87 | 63.06 | 64.93 | NOTE | |
r-devel-linux-x86_64-fedora-clang | 0.1.1 | 124.78 | OK | |||
r-devel-linux-x86_64-fedora-gcc | 0.1.1 | 159.66 | OK | |||
r-devel-windows-x86_64 | 0.1.1 | 4.00 | 80.00 | 84.00 | OK | |
r-patched-linux-x86_64 | 0.1.1 | 3.22 | 75.40 | 78.62 | OK | |
r-release-linux-x86_64 | 0.1.1 | 2.52 | 75.41 | 77.93 | OK | |
r-release-macos-arm64 | 0.1.1 | 2.00 | 83.00 | 85.00 | OK | |
r-release-macos-x86_64 | 0.1.1 | 4.00 | 179.00 | 183.00 | OK | |
r-release-windows-x86_64 | 0.1.1 | 7.00 | 80.00 | 87.00 | OK | |
r-oldrel-macos-arm64 | 0.1.1 | 1.00 | 82.00 | 83.00 | OK | |
r-oldrel-macos-x86_64 | 0.1.1 | 2.00 | 132.00 | 134.00 | OK | |
r-oldrel-windows-x86_64 | 0.1.1 | 8.00 | 94.00 | 102.00 | OK |
Version: 0.1.1
Check: HTML version of manual
Result: NOTE
Found the following HTML validation problems:
dot-check_generation_time_valid.html:48:1 (dot-check_generation_time_valid.Rd:12): Warning: missing </ul> before </div>
dot-check_offspring_func_valid.html:55:1 (dot-check_offspring_func_valid.Rd:18): Warning: missing </ul> before </div>
Flavors: r-devel-linux-x86_64-debian-clang, r-devel-linux-x86_64-debian-gcc