Last updated on 2024-06-30 03:55:11 CEST.
Flavor | Version | Tinstall | Tcheck | Ttotal | Status | Flags |
---|---|---|---|---|---|---|
r-devel-linux-x86_64-debian-clang | 3.1 | 11.44 | 97.54 | 108.98 | WARN | |
r-devel-linux-x86_64-debian-gcc | 3.1 | 10.03 | 72.69 | 82.72 | WARN | |
r-devel-linux-x86_64-fedora-clang | 3.1 | 135.25 | WARN | |||
r-devel-linux-x86_64-fedora-gcc | 3.1 | 128.62 | WARN | |||
r-devel-windows-x86_64 | 3.1 | 11.00 | 94.00 | 105.00 | WARN | |
r-patched-linux-x86_64 | 3.1 | 17.26 | 91.82 | 109.08 | NOTE | |
r-release-linux-x86_64 | 3.1 | 7.72 | 91.48 | 99.20 | NOTE | |
r-release-macos-arm64 | 3.1 | 38.00 | NOTE | |||
r-release-macos-x86_64 | 3.1 | 57.00 | NOTE | |||
r-release-windows-x86_64 | 3.1 | 13.00 | 95.00 | 108.00 | NOTE | |
r-oldrel-macos-arm64 | 3.1 | 44.00 | OK | |||
r-oldrel-macos-x86_64 | 3.1 | 69.00 | OK | |||
r-oldrel-windows-x86_64 | 3.1 | 14.00 | 113.00 | 127.00 | OK |
Version: 3.1
Check: use of S3 registration
Result: WARN
Registered S3 methods from standard package(s) overwritten by 'erer':
method from
head.ts stats
tail.ts stats
Flavors: r-devel-linux-x86_64-debian-clang, r-devel-linux-x86_64-debian-gcc, r-devel-linux-x86_64-fedora-clang, r-devel-linux-x86_64-fedora-gcc, r-devel-windows-x86_64
Version: 3.1
Check: Rd files
Result: NOTE
checkRd: (-1) evReturn.Rd:34: Lost braces
34 | \item{daEst }{ data used to estimate the market model for the last firm as specified in code{firm}.}
| ^
checkRd: (-1) evRisk.Rd:19: Lost braces
19 | \item{daEst }{ data used to estimate CAPM for the last firm as specified in code{firm}.}
| ^
Flavors: r-devel-linux-x86_64-debian-clang, r-devel-linux-x86_64-debian-gcc, r-devel-linux-x86_64-fedora-clang, r-devel-linux-x86_64-fedora-gcc, r-devel-windows-x86_64, r-patched-linux-x86_64, r-release-linux-x86_64, r-release-macos-arm64, r-release-macos-x86_64, r-release-windows-x86_64