Last updated on 2025-11-03 07:48:37 CET.
| Flavor | Version | Tinstall | Tcheck | Ttotal | Status | Flags | 
|---|---|---|---|---|---|---|
| r-devel-linux-x86_64-debian-clang | 1.2 | 1.97 | 31.77 | 33.74 | NOTE | |
| r-devel-linux-x86_64-debian-gcc | 1.2 | 1.79 | 24.00 | 25.79 | NOTE | |
| r-devel-linux-x86_64-fedora-clang | 1.2 | 50.14 | NOTE | |||
| r-devel-linux-x86_64-fedora-gcc | 1.2 | 48.38 | NOTE | |||
| r-devel-windows-x86_64 | 1.2 | 4.00 | 50.00 | 54.00 | NOTE | |
| r-patched-linux-x86_64 | 1.2 | 2.41 | 29.47 | 31.88 | NOTE | |
| r-release-linux-x86_64 | 1.2 | 2.29 | 29.64 | 31.93 | NOTE | |
| r-release-macos-arm64 | 1.2 | 1.00 | 18.00 | 19.00 | NOTE | |
| r-release-macos-x86_64 | 1.2 | 2.00 | 29.00 | 31.00 | NOTE | |
| r-release-windows-x86_64 | 1.2 | 4.00 | 48.00 | 52.00 | NOTE | |
| r-oldrel-macos-arm64 | 1.2 | 1.00 | 17.00 | 18.00 | NOTE | |
| r-oldrel-macos-x86_64 | 1.2 | 2.00 | 23.00 | 25.00 | NOTE | |
| r-oldrel-windows-x86_64 | 1.2 | 4.00 | 56.00 | 60.00 | NOTE | 
Version: 1.2
Check: CRAN incoming feasibility
Result: NOTE
  Maintainer: ‘Francesco Bartolucci <francesco.bartolucci@unipg.it>’
  
  No Authors@R field in DESCRIPTION.
  Please add one, modifying
    Authors@R: c(person(given = "Francesco",
                        family = "Bartolucci",
                        role = c("aut", "cre"),
                        email = "francesco.bartolucci@unipg.it"),
                 person(given = "Antonio",
                        family = "Forcina",
                        role = "aut"))
  as necessary.
  
  The Description field contains
    association parameters; see Forcina (2019) <arXiv:1910.13848>. These
  Please refer to arXiv e-prints via their arXiv DOI <doi:10.48550/arXiv.YYMM.NNNNN>.
Flavors: r-devel-linux-x86_64-debian-clang, r-devel-linux-x86_64-debian-gcc
Version: 1.2
Check: Rd files
Result: NOTE
  checkRd: (-1) MatIn.Rd:6: Lost braces
       6 | Computation of aggregation matrices for generalized interactions that are used in code{\link{extRC}} to estimate extended RC models.
         |                                                                                       ^
  checkRd: (-1) plot.Rd:5: Lost braces
       5 | \description{It plots the output of code{\link{extRC}} function for a vector of lambda values.}
         |                                         ^
  checkRd: (-1) print.Rd:5: Lost braces
       5 | \description{Given the output of code{\link{extRC}} function, it is written in a readable form.}
         |                                      ^
  checkRd: (-1) summary.Rd:5: Lost braces
       5 | \description{Summary method for the output of code{\link{extRC}} function.}
         |                                                   ^
Flavors: r-devel-linux-x86_64-debian-clang, r-devel-linux-x86_64-debian-gcc, r-devel-linux-x86_64-fedora-clang, r-devel-linux-x86_64-fedora-gcc, r-devel-windows-x86_64, r-patched-linux-x86_64, r-release-linux-x86_64, r-release-macos-arm64, r-release-macos-x86_64, r-release-windows-x86_64, r-oldrel-macos-arm64, r-oldrel-macos-x86_64, r-oldrel-windows-x86_64