Last updated on 2025-10-21 04:50:15 CEST.
Flavor | Version | Tinstall | Tcheck | Ttotal | Status | Flags |
---|---|---|---|---|---|---|
r-devel-linux-x86_64-debian-clang | 1.0.0 | 1.47 | 22.37 | 23.84 | OK | |
r-devel-linux-x86_64-debian-gcc | 1.0.0 | 1.40 | 19.03 | 20.43 | NOTE | |
r-devel-linux-x86_64-fedora-clang | 1.0.0 | 36.48 | OK | |||
r-devel-linux-x86_64-fedora-gcc | 1.0.0 | 32.88 | OK | |||
r-devel-windows-x86_64 | 1.0.0 | 2.00 | 42.00 | 44.00 | OK | |
r-patched-linux-x86_64 | 1.0.0 | 2.00 | 20.36 | 22.36 | OK | |
r-release-linux-x86_64 | 1.0.0 | 1.61 | 20.24 | 21.85 | OK | |
r-release-macos-arm64 | 1.0.0 | 16.00 | OK | |||
r-release-macos-x86_64 | 1.0.0 | 25.00 | OK | |||
r-release-windows-x86_64 | 1.0.0 | 3.00 | 43.00 | 46.00 | OK | |
r-oldrel-macos-arm64 | 1.0.0 | 16.00 | NOTE | |||
r-oldrel-macos-x86_64 | 1.0.0 | 24.00 | NOTE | |||
r-oldrel-windows-x86_64 | 1.0.0 | 3.00 | 47.00 | 50.00 | NOTE |
Version: 1.0.0
Check: HTML version of manual
Result: NOTE
Found the following HTML validation problems:
fill_missing.html:58:1 (fill_missing.Rd:16): Warning: missing </ul> before </div>
fill_vector_interval.html:46:1 (fill_vector_interval.Rd:10): Warning: missing </ul> before </div>
fill_vector_last.html:50:1 (fill_vector_last.Rd:12): Warning: missing </ul> before </div>
fill_vector_max.html:50:1 (fill_vector_max.Rd:12): Warning: missing </ul> before </div>
fill_vector_min.html:50:1 (fill_vector_min.Rd:12): Warning: missing </ul> before </div>
fill_vector_previous.html:46:1 (fill_vector_previous.Rd:10): Warning: missing </ul> before </div>
fill_vector_strict.html:50:1 (fill_vector_strict.Rd:12): Warning: missing </ul> before </div>
Flavor: r-devel-linux-x86_64-debian-gcc
Version: 1.0.0
Check: LazyData
Result: NOTE
'LazyData' is specified without a 'data' directory
Flavors: r-oldrel-macos-arm64, r-oldrel-macos-x86_64, r-oldrel-windows-x86_64