Last updated on 2025-10-24 04:50:53 CEST.
| Flavor | Version | Tinstall | Tcheck | Ttotal | Status | Flags |
|---|---|---|---|---|---|---|
| r-devel-linux-x86_64-debian-clang | 1.6.1 | 5.40 | 50.99 | 56.39 | NOTE | |
| r-devel-linux-x86_64-debian-gcc | 1.6.1 | 3.32 | 36.97 | 40.29 | OK | |
| r-devel-linux-x86_64-fedora-clang | 1.6.1 | 15.00 | 72.61 | 87.61 | OK | |
| r-devel-linux-x86_64-fedora-gcc | 1.6.1 | 15.00 | 82.64 | 97.64 | OK | |
| r-devel-windows-x86_64 | 1.6.1 | 7.00 | 63.00 | 70.00 | OK | |
| r-patched-linux-x86_64 | 1.6.1 | 4.99 | 46.94 | 51.93 | OK | |
| r-release-linux-x86_64 | 1.6.1 | 4.83 | 46.94 | 51.77 | OK | |
| r-release-macos-arm64 | 1.6.1 | 3.00 | 30.00 | 33.00 | OK | |
| r-release-macos-x86_64 | 1.6.1 | 6.00 | 59.00 | 65.00 | OK | |
| r-release-windows-x86_64 | 1.6.1 | 10.00 | 64.00 | 74.00 | OK | |
| r-oldrel-macos-arm64 | 1.6.1 | 3.00 | 32.00 | 35.00 | OK | |
| r-oldrel-macos-x86_64 | 1.6.1 | 6.00 | 59.00 | 65.00 | OK | |
| r-oldrel-windows-x86_64 | 1.6.1 | 9.00 | 78.00 | 87.00 | OK |
Version: 1.6.1
Check: HTML version of manual
Result: NOTE
Found the following HTML validation problems:
check_cran_results.html:46:1 (check_cran_results.Rd:10): Warning: missing </ul> before </div>
Flavor: r-devel-linux-x86_64-debian-clang