CRAN Package Check Results for Package fs

Last updated on 2025-10-21 04:50:16 CEST.

Flavor Version Tinstall Tcheck Ttotal Status Flags
r-devel-linux-x86_64-debian-clang 1.6.6 39.53 63.30 102.83 OK
r-devel-linux-x86_64-debian-gcc 1.6.6 32.72 43.78 76.50 NOTE
r-devel-linux-x86_64-fedora-clang 1.6.6 180.42 OK
r-devel-linux-x86_64-fedora-gcc 1.6.6 179.78 OK
r-devel-windows-x86_64 1.6.6 97.00 82.00 179.00 OK
r-patched-linux-x86_64 1.6.6 36.64 58.63 95.27 OK
r-release-linux-x86_64 1.6.6 32.90 58.96 91.86 OK
r-release-macos-arm64 1.6.6 100.00 OK
r-release-macos-x86_64 1.6.6 168.00 OK
r-release-windows-x86_64 1.6.6 100.00 81.00 181.00 OK
r-oldrel-macos-arm64 1.6.6 96.00 NOTE
r-oldrel-macos-x86_64 1.6.6 167.00 NOTE
r-oldrel-windows-x86_64 1.6.6 105.00 95.00 200.00 NOTE

Check Details

Version: 1.6.6
Check: HTML version of manual
Result: NOTE Found the following HTML validation problems: dir_tree.html:76:1 (dir_tree.Rd:27): Warning: missing </ul> before </div> file_chown.html:56:1 (file_chown.Rd:16): Warning: missing </ul> before </div> Flavor: r-devel-linux-x86_64-debian-gcc

Version: 1.6.6
Check: for GNU extensions in Makefiles
Result: NOTE GNU make is a SystemRequirements. Flavors: r-oldrel-macos-arm64, r-oldrel-macos-x86_64, r-oldrel-windows-x86_64