Last updated on 2024-06-29 06:49:41 CEST.
Flavor | Version | Tinstall | Tcheck | Ttotal | Status | Flags |
---|---|---|---|---|---|---|
r-devel-linux-x86_64-debian-clang | 1.7.1 | 6.34 | 89.24 | 95.58 | OK | |
r-devel-linux-x86_64-debian-gcc | 1.7.1 | 5.05 | 64.14 | 69.19 | OK | |
r-devel-linux-x86_64-fedora-clang | 1.7.1 | 119.62 | NOTE | |||
r-devel-linux-x86_64-fedora-gcc | 1.7.1 | 123.43 | OK | |||
r-devel-windows-x86_64 | 1.7.1 | 6.00 | 85.00 | 91.00 | NOTE | |
r-patched-linux-x86_64 | 1.7.1 | 6.82 | 83.89 | 90.71 | OK | |
r-release-linux-x86_64 | 1.7.1 | 7.24 | 84.35 | 91.59 | OK | |
r-release-macos-arm64 | 1.7.1 | 60.00 | NOTE | |||
r-release-macos-x86_64 | 1.7.1 | 124.00 | NOTE | |||
r-release-windows-x86_64 | 1.7.1 | 6.00 | 84.00 | 90.00 | NOTE | |
r-oldrel-macos-arm64 | 1.7.1 | 43.00 | NOTE | |||
r-oldrel-macos-x86_64 | 1.7.1 | 104.00 | NOTE | |||
r-oldrel-windows-x86_64 | 1.7.1 | 7.00 | 92.00 | 99.00 | NOTE |
Version: 1.7.1
Check: installed package size
Result: NOTE
installed size is 5.4Mb
sub-directories of 1Mb or more:
help 4.6Mb
Flavors: r-devel-linux-x86_64-fedora-clang, r-devel-windows-x86_64, r-release-macos-arm64, r-release-macos-x86_64, r-release-windows-x86_64, r-oldrel-macos-arm64, r-oldrel-macos-x86_64, r-oldrel-windows-x86_64