Last updated on 2025-10-22 05:51:11 CEST.
Flavor | Version | Tinstall | Tcheck | Ttotal | Status | Flags |
---|---|---|---|---|---|---|
r-devel-linux-x86_64-debian-clang | 0.2.0 | 7.55 | 121.39 | 128.94 | NOTE | |
r-devel-linux-x86_64-debian-gcc | 0.2.0 | 5.68 | 82.20 | 87.88 | NOTE | |
r-devel-linux-x86_64-fedora-clang | 0.2.0 | 19.00 | 179.01 | 198.01 | OK | |
r-devel-linux-x86_64-fedora-gcc | 0.2.0 | 15.00 | 156.90 | 171.90 | OK | |
r-devel-windows-x86_64 | 0.2.0 | 10.00 | 118.00 | 128.00 | OK | |
r-patched-linux-x86_64 | 0.2.0 | 7.52 | 113.13 | 120.65 | OK | |
r-release-linux-x86_64 | 0.2.0 | 6.14 | 113.81 | 119.95 | OK | |
r-release-macos-arm64 | 0.2.0 | 3.00 | 43.00 | 46.00 | OK | |
r-release-macos-x86_64 | 0.2.0 | 6.00 | 93.00 | 99.00 | OK | |
r-release-windows-x86_64 | 0.2.0 | 12.00 | 117.00 | 129.00 | OK | |
r-oldrel-macos-arm64 | 0.2.0 | 3.00 | 47.00 | 50.00 | OK | |
r-oldrel-macos-x86_64 | 0.2.0 | 6.00 | 103.00 | 109.00 | OK | |
r-oldrel-windows-x86_64 | 0.2.0 | 13.00 | 162.00 | 175.00 | OK |
Version: 0.2.0
Check: HTML version of manual
Result: NOTE
Found the following HTML validation problems:
lazy_birdwatcher.html:57:1 (lazy_birdwatcher.Rd:17): Warning: missing </ul> before </div>
Flavors: r-devel-linux-x86_64-debian-clang, r-devel-linux-x86_64-debian-gcc