Last updated on 2024-06-29 06:49:42 CEST.
Flavor | Version | Tinstall | Tcheck | Ttotal | Status | Flags |
---|---|---|---|---|---|---|
r-devel-linux-x86_64-debian-clang | 0.0.31 | 6.90 | 102.13 | 109.03 | NOTE | |
r-devel-linux-x86_64-debian-gcc | 0.0.31 | 6.08 | 74.35 | 80.43 | NOTE | |
r-devel-linux-x86_64-fedora-clang | 0.0.31 | 137.38 | NOTE | |||
r-devel-linux-x86_64-fedora-gcc | 0.0.31 | 140.31 | NOTE | |||
r-devel-windows-x86_64 | 0.0.31 | 10.00 | 115.00 | 125.00 | NOTE | |
r-patched-linux-x86_64 | 0.0.31 | 15.43 | 95.49 | 110.92 | NOTE | |
r-release-linux-x86_64 | 0.0.31 | 5.01 | 95.11 | 100.12 | NOTE | |
r-release-macos-arm64 | 0.0.31 | 44.00 | NOTE | |||
r-release-macos-x86_64 | 0.0.31 | 67.00 | NOTE | |||
r-release-windows-x86_64 | 0.0.31 | 9.00 | 108.00 | 117.00 | NOTE | |
r-oldrel-macos-arm64 | 0.0.31 | 46.00 | NOTE | |||
r-oldrel-macos-x86_64 | 0.0.31 | 70.00 | NOTE | |||
r-oldrel-windows-x86_64 | 0.0.31 | 11.00 | 122.00 | 133.00 | NOTE |
Version: 0.0.31
Check: LazyData
Result: NOTE
'LazyData' is specified without a 'data' directory
Flavors: r-devel-linux-x86_64-debian-clang, r-devel-linux-x86_64-debian-gcc, r-devel-linux-x86_64-fedora-clang, r-devel-linux-x86_64-fedora-gcc, r-devel-windows-x86_64, r-patched-linux-x86_64, r-release-linux-x86_64, r-release-macos-arm64, r-release-macos-x86_64, r-release-windows-x86_64, r-oldrel-macos-arm64, r-oldrel-macos-x86_64, r-oldrel-windows-x86_64