Last updated on 2025-10-21 04:50:18 CEST.
Flavor | Version | Tinstall | Tcheck | Ttotal | Status | Flags |
---|---|---|---|---|---|---|
r-devel-linux-x86_64-debian-clang | 0.0.3 | 4.21 | 39.01 | 43.22 | OK | |
r-devel-linux-x86_64-debian-gcc | 0.0.3 | 2.92 | 30.26 | 33.18 | NOTE | |
r-devel-linux-x86_64-fedora-clang | 0.0.3 | 66.67 | OK | |||
r-devel-linux-x86_64-fedora-gcc | 0.0.3 | 59.27 | OK | |||
r-devel-windows-x86_64 | 0.0.3 | 7.00 | 61.00 | 68.00 | OK | |
r-patched-linux-x86_64 | 0.0.3 | 4.11 | 38.00 | 42.11 | OK | |
r-release-linux-x86_64 | 0.0.3 | 4.23 | 37.24 | 41.47 | OK | |
r-release-macos-arm64 | 0.0.3 | 32.00 | OK | |||
r-release-macos-x86_64 | 0.0.3 | 38.00 | OK | |||
r-release-windows-x86_64 | 0.0.3 | 7.00 | 63.00 | 70.00 | OK | |
r-oldrel-macos-arm64 | 0.0.3 | 32.00 | OK | |||
r-oldrel-macos-x86_64 | 0.0.3 | 64.00 | OK | |||
r-oldrel-windows-x86_64 | 0.0.3 | 8.00 | 73.00 | 81.00 | OK |
Version: 0.0.3
Check: HTML version of manual
Result: NOTE
Found the following HTML validation problems:
APIcall.html:60:1 (APIcall.Rd:22): Warning: missing </ul> before </div>
execAddin.html:46:1 (execAddin.Rd:10): Warning: missing </ul> before </div>
serverInit.html:57:1 (serverInit.Rd:14): Warning: missing </ul> before </div>
Flavor: r-devel-linux-x86_64-debian-gcc