Last updated on 2024-06-29 06:49:42 CEST.
Flavor | Version | Tinstall | Tcheck | Ttotal | Status | Flags |
---|---|---|---|---|---|---|
r-devel-linux-x86_64-debian-clang | 0.0.3 | 3.15 | 110.95 | 114.10 | OK | |
r-devel-linux-x86_64-debian-gcc | 0.0.3 | 2.35 | 77.34 | 79.69 | OK | |
r-devel-linux-x86_64-fedora-clang | 0.0.3 | 143.53 | NOTE | |||
r-devel-linux-x86_64-fedora-gcc | 0.0.3 | 154.09 | NOTE | |||
r-devel-windows-x86_64 | 0.0.3 | 4.00 | 108.00 | 112.00 | OK | |
r-patched-linux-x86_64 | 0.0.3 | 3.53 | 106.61 | 110.14 | OK | |
r-release-linux-x86_64 | 0.0.3 | 3.06 | 110.88 | 113.94 | OK | |
r-release-macos-arm64 | 0.0.3 | 42.00 | OK | |||
r-release-macos-x86_64 | 0.0.3 | 75.00 | OK | |||
r-release-windows-x86_64 | 0.0.3 | 3.00 | 106.00 | 109.00 | OK | |
r-oldrel-macos-arm64 | 0.0.3 | 46.00 | OK | |||
r-oldrel-macos-x86_64 | 0.0.3 | 78.00 | OK | |||
r-oldrel-windows-x86_64 | 0.0.3 | 4.00 | 119.00 | 123.00 | OK |
Version: 0.0.3
Check: dependencies in R code
Result: NOTE
Namespaces in Imports field not imported from:
‘MASS’ ‘rjags’
All declared Imports should be used.
Flavors: r-devel-linux-x86_64-fedora-clang, r-devel-linux-x86_64-fedora-gcc