Last updated on 2025-10-11 09:50:50 CEST.
Flavor | Version | Tinstall | Tcheck | Ttotal | Status | Flags |
---|---|---|---|---|---|---|
r-devel-linux-x86_64-debian-clang | 3.0.1 | 1.90 | 43.37 | 45.27 | NOTE | |
r-devel-linux-x86_64-debian-gcc | 3.0.1 | 1.55 | 32.12 | 33.67 | NOTE | |
r-devel-linux-x86_64-fedora-clang | 3.0.1 | 69.98 | OK | |||
r-devel-linux-x86_64-fedora-gcc | 3.0.1 | 77.34 | OK | |||
r-devel-windows-x86_64 | 3.0.1 | 3.00 | 65.00 | 68.00 | OK | |
r-patched-linux-x86_64 | 3.0.1 | 2.05 | 40.59 | 42.64 | OK | |
r-release-linux-x86_64 | 3.0.1 | 1.86 | 40.94 | 42.80 | OK | |
r-release-macos-arm64 | 3.0.1 | 32.00 | OK | |||
r-release-macos-x86_64 | 3.0.1 | 67.00 | OK | |||
r-release-windows-x86_64 | 3.0.1 | 3.00 | 67.00 | 70.00 | OK | |
r-oldrel-macos-arm64 | 3.0.1 | 33.00 | OK | |||
r-oldrel-macos-x86_64 | 3.0.1 | 52.00 | OK | |||
r-oldrel-windows-x86_64 | 3.0.1 | 4.00 | 75.00 | 79.00 | OK |
Version: 3.0.1
Check: CRAN incoming feasibility
Result: NOTE
Maintainer: ‘Daniel Wilson <hmp.R.package@gmail.com>’
No Authors@R field in DESCRIPTION.
Please add one, modifying
Authors@R: c(person(given = c("Daniel", "J."),
family = "Wilson",
role = "aut"),
person(given = "Daniel",
family = "Wilson",
role = "cre",
email = "hmp.R.package@gmail.com"))
as necessary.
Flavors: r-devel-linux-x86_64-debian-clang, r-devel-linux-x86_64-debian-gcc