Last updated on 2024-06-26 03:49:27 CEST.
Flavor | Version | Tinstall | Tcheck | Ttotal | Status | Flags |
---|---|---|---|---|---|---|
r-devel-linux-x86_64-debian-clang | 0.6.0 | NOTE | ||||
r-devel-linux-x86_64-debian-gcc | 0.6.0 | 31.05 | 26.47 | 57.52 | NOTE | |
r-devel-linux-x86_64-fedora-clang | 0.6.0 | 122.57 | NOTE | |||
r-devel-linux-x86_64-fedora-gcc | 0.6.0 | 132.28 | NOTE | |||
r-devel-windows-x86_64 | 0.6.0 | 36.00 | 66.00 | 102.00 | NOTE | |
r-patched-linux-x86_64 | 0.6.0 | 37.93 | 32.99 | 70.92 | NOTE | |
r-release-linux-x86_64 | 0.6.0 | 39.40 | 33.18 | 72.58 | NOTE | |
r-release-macos-arm64 | 0.6.0 | 34.00 | NOTE | |||
r-release-macos-x86_64 | 0.6.0 | 70.00 | NOTE | |||
r-release-windows-x86_64 | 0.6.0 | 38.00 | 67.00 | 105.00 | NOTE | |
r-oldrel-macos-arm64 | 0.6.0 | 39.00 | NOTE | |||
r-oldrel-macos-x86_64 | 0.6.0 | 59.00 | NOTE | |||
r-oldrel-windows-x86_64 | 0.6.0 | 36.00 | 76.00 | 112.00 | NOTE |
Version: 0.6.0
Check: LazyData
Result: NOTE
'LazyData' is specified without a 'data' directory
Flavors: r-devel-linux-x86_64-debian-clang, r-devel-linux-x86_64-debian-gcc, r-devel-linux-x86_64-fedora-clang, r-devel-linux-x86_64-fedora-gcc, r-devel-windows-x86_64, r-patched-linux-x86_64, r-release-linux-x86_64, r-release-macos-arm64, r-release-macos-x86_64, r-release-windows-x86_64, r-oldrel-macos-arm64, r-oldrel-macos-x86_64, r-oldrel-windows-x86_64
Version: 0.6.0
Check: compiled code
Result: NOTE
File ‘humaniformat/libs/humaniformat.so’:
Found no calls to: ‘R_registerRoutines’, ‘R_useDynamicSymbols’
It is good practice to register native routines and to disable symbol
search.
See ‘Writing portable packages’ in the ‘Writing R Extensions’ manual.
Flavors: r-devel-linux-x86_64-fedora-clang, r-devel-linux-x86_64-fedora-gcc