Last updated on 2025-10-24 04:50:56 CEST.
| Flavor | Version | Tinstall | Tcheck | Ttotal | Status | Flags |
|---|---|---|---|---|---|---|
| r-devel-linux-x86_64-debian-clang | 0.1.0 | 1.27 | 21.19 | 22.46 | NOTE | |
| r-devel-linux-x86_64-debian-gcc | 0.1.0 | 1.50 | 17.08 | 18.58 | OK | |
| r-devel-linux-x86_64-fedora-clang | 0.1.0 | 32.68 | OK | |||
| r-devel-linux-x86_64-fedora-gcc | 0.1.0 | 30.95 | OK | |||
| r-devel-windows-x86_64 | 0.1.0 | 3.00 | 41.00 | 44.00 | OK | |
| r-patched-linux-x86_64 | 0.1.0 | 1.83 | 19.92 | 21.75 | OK | |
| r-release-linux-x86_64 | 0.1.0 | 1.73 | 19.87 | 21.60 | OK | |
| r-release-macos-arm64 | 0.1.0 | 1.00 | 15.00 | 16.00 | OK | |
| r-release-macos-x86_64 | 0.1.0 | 2.00 | 24.00 | 26.00 | OK | |
| r-release-windows-x86_64 | 0.1.0 | 5.00 | 42.00 | 47.00 | OK | |
| r-oldrel-macos-arm64 | 0.1.0 | 1.00 | 14.00 | 15.00 | OK | |
| r-oldrel-macos-x86_64 | 0.1.0 | 1.00 | 20.00 | 21.00 | OK | |
| r-oldrel-windows-x86_64 | 0.1.0 | 5.00 | 47.00 | 52.00 | OK |
Version: 0.1.0
Check: HTML version of manual
Result: NOTE
Found the following HTML validation problems:
encoding_data.html:46:1 (encoding_data.Rd:10): Warning: missing </ul> before </div>
Flavor: r-devel-linux-x86_64-debian-clang