Last updated on 2025-10-09 12:51:20 CEST.
Flavor | Version | Tinstall | Tcheck | Ttotal | Status | Flags |
---|---|---|---|---|---|---|
r-devel-linux-x86_64-debian-clang | 0.1.0 | 1.31 | 29.81 | 31.12 | NOTE | |
r-devel-linux-x86_64-debian-gcc | 0.1.0 | 1.38 | 24.79 | 26.17 | NOTE | |
r-devel-linux-x86_64-fedora-clang | 0.1.0 | 50.14 | OK | |||
r-devel-linux-x86_64-fedora-gcc | 0.1.0 | 57.97 | OK | |||
r-devel-windows-x86_64 | 0.1.0 | 3.00 | 47.00 | 50.00 | OK | |
r-patched-linux-x86_64 | 0.1.0 | 1.78 | 27.83 | 29.61 | OK | |
r-release-linux-x86_64 | 0.1.0 | 1.33 | 27.40 | 28.73 | OK | |
r-release-macos-arm64 | 0.1.0 | 29.00 | OK | |||
r-release-macos-x86_64 | 0.1.0 | 46.00 | OK | |||
r-release-windows-x86_64 | 0.1.0 | 3.00 | 49.00 | 52.00 | OK | |
r-oldrel-macos-arm64 | 0.1.0 | 25.00 | OK | |||
r-oldrel-macos-x86_64 | 0.1.0 | 35.00 | OK | |||
r-oldrel-windows-x86_64 | 0.1.0 | 3.00 | 57.00 | 60.00 | OK |
Version: 0.1.0
Check: CRAN incoming feasibility
Result: NOTE
Maintainer: ‘Thomas Wiemann <wiemann@uchicago.edu>’
The Description field contains
(2023) <arXiv:2311.17021> for expectation function estimation
Please refer to arXiv e-prints via their arXiv DOI <doi:10.48550/arXiv.YYMM.NNNNN>.
Flavors: r-devel-linux-x86_64-debian-clang, r-devel-linux-x86_64-debian-gcc