Last updated on 2025-10-21 04:50:20 CEST.
Flavor | Version | Tinstall | Tcheck | Ttotal | Status | Flags |
---|---|---|---|---|---|---|
r-devel-linux-x86_64-debian-clang | 0.3.6 | 1.95 | 118.36 | 120.31 | NOTE | |
r-devel-linux-x86_64-debian-gcc | 0.3.6 | 2.01 | 90.33 | 92.34 | NOTE | |
r-devel-linux-x86_64-fedora-clang | 0.3.6 | 199.83 | NOTE | |||
r-devel-linux-x86_64-fedora-gcc | 0.3.6 | 204.56 | NOTE | |||
r-devel-windows-x86_64 | 0.3.6 | 5.00 | 176.00 | 181.00 | NOTE | |
r-patched-linux-x86_64 | 0.3.6 | 3.80 | 123.92 | 127.72 | NOTE | |
r-release-linux-x86_64 | 0.3.6 | 2.88 | 121.62 | 124.50 | NOTE | |
r-release-macos-arm64 | 0.3.6 | 74.00 | NOTE | |||
r-release-macos-x86_64 | 0.3.6 | 146.00 | NOTE | |||
r-release-windows-x86_64 | 0.3.6 | 5.00 | 178.00 | 183.00 | NOTE | |
r-oldrel-macos-arm64 | 0.3.6 | 68.00 | NOTE | |||
r-oldrel-macos-x86_64 | 0.3.6 | 105.00 | NOTE | |||
r-oldrel-windows-x86_64 | 0.3.6 | 6.00 | 226.00 | 232.00 | NOTE |
Version: 0.3.6
Check: Rd files
Result: NOTE
checkRd: (-1) knockoff.Rd:22-24: Lost braces in \itemize; meant \describe ?
checkRd: (-1) knockoff.Rd:25-27: Lost braces in \itemize; meant \describe ?
Flavors: r-devel-linux-x86_64-debian-clang, r-devel-linux-x86_64-debian-gcc, r-devel-linux-x86_64-fedora-clang, r-devel-linux-x86_64-fedora-gcc, r-devel-windows-x86_64, r-patched-linux-x86_64, r-release-linux-x86_64, r-release-macos-arm64, r-release-macos-x86_64, r-release-windows-x86_64, r-oldrel-macos-arm64, r-oldrel-macos-x86_64, r-oldrel-windows-x86_64
Version: 0.3.6
Check: HTML version of manual
Result: NOTE
Found the following HTML validation problems:
print.knockoff.result.html:51:1 (print.knockoff.result.Rd:12): Warning: missing </ul> before </div>
verify_stat_depends.html:46:1 (verify_stat_depends.Rd:10): Warning: missing </ul> before </div>
Flavor: r-devel-linux-x86_64-debian-gcc