Last updated on 2025-10-21 04:50:20 CEST.
Flavor | Version | Tinstall | Tcheck | Ttotal | Status | Flags |
---|---|---|---|---|---|---|
r-devel-linux-x86_64-debian-clang | 1.8.1 | 38.07 | 377.24 | 415.31 | NOTE | |
r-devel-linux-x86_64-debian-gcc | 1.8.1 | 22.32 | 244.13 | 266.45 | NOTE | |
r-devel-linux-x86_64-fedora-clang | 1.8.1 | 717.18 | NOTE | |||
r-devel-linux-x86_64-fedora-gcc | 1.8.1 | 628.45 | NOTE | |||
r-devel-windows-x86_64 | 1.8.1 | 36.00 | 333.00 | 369.00 | NOTE | |
r-patched-linux-x86_64 | 1.8.1 | 37.64 | 359.79 | 397.43 | NOTE | |
r-release-linux-x86_64 | 1.8.1 | 36.24 | 364.53 | 400.77 | NOTE | |
r-release-macos-arm64 | 1.8.1 | 176.00 | NOTE | |||
r-release-macos-x86_64 | 1.8.1 | 485.00 | NOTE | |||
r-release-windows-x86_64 | 1.8.1 | 37.00 | 339.00 | 376.00 | NOTE | |
r-oldrel-macos-arm64 | 1.8.1 | 150.00 | OK | |||
r-oldrel-macos-x86_64 | 1.8.1 | 444.00 | OK | |||
r-oldrel-windows-x86_64 | 1.8.1 | 54.00 | 454.00 | 508.00 | OK |
Version: 1.8.1
Check: DESCRIPTION meta-information
Result: NOTE
Missing dependency on R >= 4.1.0 because package code uses the pipe
|> or function shorthand \(...) syntax added in R 4.1.0.
File(s) using such syntax:
‘contr.Rd’
Flavors: r-devel-linux-x86_64-debian-clang, r-devel-linux-x86_64-debian-gcc, r-devel-linux-x86_64-fedora-clang, r-devel-linux-x86_64-fedora-gcc, r-devel-windows-x86_64, r-patched-linux-x86_64, r-release-linux-x86_64, r-release-macos-arm64, r-release-macos-x86_64, r-release-windows-x86_64
Version: 1.8.1
Check: HTML version of manual
Result: NOTE
Found the following HTML validation problems:
Print.html:59:1 (Print.Rd:16): Warning: missing </ul> before </div>
binomial.rd.html:78:1 (binomial.rd.Rd:31): Warning: missing </ul> before </div>
estimate.array.html:60:1 (estimate.array.Rd:18): Warning: missing </ul> before </div>
iid.html:50:1 (iid.Rd:12): Warning: missing </ul> before </div>
pcor.html:62:1 (pcor.Rd:18): Warning: missing </ul> before </div>
plot.estimate.html:105:1 (plot.estimate.Rd:46): Warning: missing </ul> before </div>
summary.sim.html:104:1 (summary.sim.Rd:45): Warning: missing </ul> before </div>
Flavor: r-devel-linux-x86_64-debian-gcc