CRAN Package Check Results for Package listarrays

Last updated on 2025-10-22 05:51:15 CEST.

Flavor Version Tinstall Tcheck Ttotal Status Flags
r-devel-linux-x86_64-debian-clang 0.4.0 1.93 31.65 33.58 NOTE
r-devel-linux-x86_64-debian-gcc 0.4.0 1.76 25.12 26.88 NOTE
r-devel-linux-x86_64-fedora-clang 0.4.0 51.67 OK
r-devel-linux-x86_64-fedora-gcc 0.4.0 46.80 OK
r-devel-windows-x86_64 0.4.0 3.00 50.00 53.00 OK
r-patched-linux-x86_64 0.4.0 2.36 29.04 31.40 OK
r-release-linux-x86_64 0.4.0 2.02 29.08 31.10 OK
r-release-macos-arm64 0.4.0 1.00 18.00 19.00 OK
r-release-macos-x86_64 0.4.0 2.00 29.00 31.00 OK
r-release-windows-x86_64 0.4.0 3.00 53.00 56.00 OK
r-oldrel-macos-arm64 0.4.0 2.00 18.00 20.00 OK
r-oldrel-macos-x86_64 0.4.0 2.00 24.00 26.00 OK
r-oldrel-windows-x86_64 0.4.0 6.00 57.00 63.00 OK

Check Details

Version: 0.4.0
Check: HTML version of manual
Result: NOTE Found the following HTML validation problems: drop_dimnames.html:61:1 (drop_dimnames.Rd:22): Warning: missing </ul> before </div> ndim.html:46:1 (ndim.Rd:10): Warning: missing </ul> before </div> Flavors: r-devel-linux-x86_64-debian-clang, r-devel-linux-x86_64-debian-gcc