Last updated on 2025-10-21 04:50:21 CEST.
Flavor | Version | Tinstall | Tcheck | Ttotal | Status | Flags |
---|---|---|---|---|---|---|
r-devel-linux-x86_64-debian-clang | 1.2.2 | 32.62 | 131.06 | 163.68 | OK | |
r-devel-linux-x86_64-debian-gcc | 1.2.2 | 19.34 | 93.10 | 112.44 | NOTE | |
r-devel-linux-x86_64-fedora-clang | 1.2.2 | 271.69 | OK | |||
r-devel-linux-x86_64-fedora-gcc | 1.2.2 | 274.05 | OK | |||
r-devel-windows-x86_64 | 1.2.2 | 40.00 | 167.00 | 207.00 | OK | |
r-patched-linux-x86_64 | 1.2.2 | 32.60 | 126.70 | 159.30 | OK | |
r-release-linux-x86_64 | 1.2.2 | 32.43 | 126.55 | 158.98 | OK | |
r-release-macos-arm64 | 1.2.2 | 70.00 | OK | |||
r-release-macos-x86_64 | 1.2.2 | 145.00 | OK | |||
r-release-windows-x86_64 | 1.2.2 | 38.00 | 150.00 | 188.00 | OK | |
r-oldrel-macos-arm64 | 1.2.2 | 77.00 | NOTE | |||
r-oldrel-macos-x86_64 | 1.2.2 | 112.00 | NOTE | |||
r-oldrel-windows-x86_64 | 1.2.2 | 51.00 | 192.00 | 243.00 | OK |
Version: 1.2.2
Check: HTML version of manual
Result: NOTE
Found the following HTML validation problems:
plot.elife_tstab.html:76:1 (plot.elife_tstab.Rd:30): Warning: missing </ul> before </div>
Flavor: r-devel-linux-x86_64-debian-gcc
Version: 1.2.2
Check: installed package size
Result: NOTE
installed size is 6.5Mb
sub-directories of 1Mb or more:
data 4.0Mb
libs 1.8Mb
Flavors: r-oldrel-macos-arm64, r-oldrel-macos-x86_64