Last updated on 2024-06-26 03:49:29 CEST.
Flavor | Version | Tinstall | Tcheck | Ttotal | Status | Flags |
---|---|---|---|---|---|---|
r-devel-linux-x86_64-debian-clang | 1.1.12 | NOTE | ||||
r-devel-linux-x86_64-debian-gcc | 1.1.12 | 11.16 | 104.83 | 115.99 | NOTE | |
r-devel-linux-x86_64-fedora-clang | 1.1.12 | 201.17 | NOTE | |||
r-devel-linux-x86_64-fedora-gcc | 1.1.12 | 198.03 | NOTE | |||
r-devel-windows-x86_64 | 1.1.12 | 13.00 | 136.00 | 149.00 | NOTE | |
r-patched-linux-x86_64 | 1.1.12 | 13.45 | 136.00 | 149.45 | NOTE | |
r-release-linux-x86_64 | 1.1.12 | 13.73 | 134.41 | 148.14 | NOTE | |
r-release-macos-arm64 | 1.1.12 | 61.00 | NOTE | |||
r-release-macos-x86_64 | 1.1.12 | 90.00 | WARN | |||
r-release-windows-x86_64 | 1.1.12 | 15.00 | 140.00 | 155.00 | NOTE | |
r-oldrel-macos-arm64 | 1.1.12 | 59.00 | NOTE | |||
r-oldrel-macos-x86_64 | 1.1.12 | 165.00 | NOTE | |||
r-oldrel-windows-x86_64 | 1.1.12 | 16.00 | 159.00 | 175.00 | NOTE |
Version: 1.1.12
Check: package dependencies
Result: NOTE
Package suggested but not available for checking: ‘rrelaxiv’
Flavors: r-devel-linux-x86_64-debian-clang, r-devel-linux-x86_64-debian-gcc, r-devel-linux-x86_64-fedora-clang, r-devel-linux-x86_64-fedora-gcc, r-devel-windows-x86_64, r-patched-linux-x86_64, r-release-linux-x86_64, r-release-macos-arm64, r-release-macos-x86_64, r-release-windows-x86_64, r-oldrel-macos-arm64, r-oldrel-macos-x86_64, r-oldrel-windows-x86_64
Version: 1.1.12
Check: Rd files
Result: NOTE
checkRd: (-1) matchMulti-package.Rd:75: Lost braces
75 | c("\\Sexpr[results=rd,stage=build]{tools:::Rd_package_author(\"#1\")}",
| ^
checkRd: (-1) matchMulti-package.Rd:79: Lost braces
79 | c("\\Sexpr[results=rd,stage=build]{tools:::Rd_package_maintainer(\"#1\")}",
| ^
Flavors: r-devel-linux-x86_64-debian-clang, r-devel-linux-x86_64-debian-gcc, r-devel-linux-x86_64-fedora-clang, r-devel-linux-x86_64-fedora-gcc, r-devel-windows-x86_64, r-patched-linux-x86_64, r-release-linux-x86_64, r-release-macos-arm64, r-release-macos-x86_64, r-release-windows-x86_64
Version: 1.1.12
Check: re-building of vignette outputs
Result: WARN
Error(s) in re-building vignettes:
...
--- re-building ‘multiMatch_vignette.Rnw’ using knitr
Error: processing vignette 'multiMatch_vignette.Rnw' failed with diagnostics:
Running 'texi2dvi' on 'multiMatch_vignette.tex' failed.
LaTeX errors:
! Undefined control sequence.
l.160 \hlkwd{library}\hldef
{(matchMulti)}
?
! Emergency stop.
! Emergency stop.
l.160
End of file on the terminal!
! ==> Fatal error occurred, no output PDF file produced!
--- failed re-building ‘multiMatch_vignette.Rnw’
SUMMARY: processing the following file failed:
‘multiMatch_vignette.Rnw’
Error: Vignette re-building failed.
Execution halted
Flavor: r-release-macos-x86_64