Last updated on 2025-10-21 04:50:22 CEST.
Flavor | Version | Tinstall | Tcheck | Ttotal | Status | Flags |
---|---|---|---|---|---|---|
r-devel-linux-x86_64-debian-clang | 0.9.6 | 12.65 | 98.39 | 111.04 | NOTE | |
r-devel-linux-x86_64-debian-gcc | 0.9.6 | 7.65 | 69.78 | 77.43 | NOTE | |
r-devel-linux-x86_64-fedora-clang | 0.9.6 | 172.16 | OK | |||
r-devel-linux-x86_64-fedora-gcc | 0.9.6 | 155.55 | OK | |||
r-devel-windows-x86_64 | 0.9.6 | 12.00 | 94.00 | 106.00 | OK | |
r-patched-linux-x86_64 | 0.9.6 | 12.47 | 91.30 | 103.77 | OK | |
r-release-linux-x86_64 | 0.9.6 | 11.98 | 92.26 | 104.24 | OK | |
r-release-macos-arm64 | 0.9.6 | 51.00 | OK | |||
r-release-macos-x86_64 | 0.9.6 | 102.00 | OK | |||
r-release-windows-x86_64 | 0.9.6 | 12.00 | 96.00 | 108.00 | OK | |
r-oldrel-macos-arm64 | 0.9.6 | 44.00 | OK | |||
r-oldrel-macos-x86_64 | 0.9.6 | 74.00 | OK | |||
r-oldrel-windows-x86_64 | 0.9.6 | 17.00 | 121.00 | 138.00 | OK |
Version: 0.9.6
Check: CRAN incoming feasibility
Result: NOTE
Maintainer: ‘Martin Elff <mclogit@elff.eu>’
No Authors@R field in DESCRIPTION.
Please add one, modifying
Authors@R: person(given = "Martin",
family = "Elff",
role = c("aut", "cre"),
email = "mclogit@elff.eu")
as necessary.
Flavors: r-devel-linux-x86_64-debian-clang, r-devel-linux-x86_64-debian-gcc
Version: 0.9.6
Check: top-level files
Result: NOTE
Found the following validation problem for the NEWS.Rd HTML conversion:
NEWS.html:311:1 (inst/NEWS.Rd:159): Warning: missing </ul> before </div>
NEWS.html:76:1 (inst/NEWS.Rd:34): Warning: <h4> anchor "NEW-FEATURES" already defined
NEWS.html:107:1 (inst/NEWS.Rd:51): Warning: <h4> anchor "BUGFIXES" already defined
NEWS.html:126:1 (inst/NEWS.Rd:60): Warning: <h4> anchor "IMPROVEMENTS" already defined
NEWS.html:146:1 (inst/NEWS.Rd:71): Warning: <h4> anchor "IMPROVEMENTS" already defined
NEWS.html:184:1 (inst/NEWS.Rd:100): Warning: <h4> anchor "NEW-FEATURES" already defined
NEWS.html:198:1 (inst/NEWS.Rd:108): Warning: <h4> anchor "BUGFIXES" already defined
NEWS.html:221:1 (inst/NEWS.Rd:120): Warning: <h4> anchor "NEW-FEATURES" already defined
NEWS.html:237:1 (inst/NEWS.Rd:128): Warning: <h4> anchor "BUGFIXES" already defined
NEWS.html:253:1 (inst/NEWS.Rd:137): Warning: <h4> anchor "NEW-FEATURES" already defined
NEWS.html:270:1 (inst/NEWS.Rd:144): Warning: <h4> anchor "BUGFIXES" already defined
Flavor: r-devel-linux-x86_64-debian-gcc