Last updated on 2025-10-23 08:50:00 CEST.
Flavor | Version | Tinstall | Tcheck | Ttotal | Status | Flags |
---|---|---|---|---|---|---|
r-devel-linux-x86_64-debian-clang | 0.2.1 | 3.78 | 35.21 | 38.99 | NOTE | |
r-devel-linux-x86_64-debian-gcc | 0.2.1 | 2.67 | 27.53 | 30.20 | OK | |
r-devel-linux-x86_64-fedora-clang | 0.2.1 | 12.00 | 48.08 | 60.08 | OK | |
r-devel-linux-x86_64-fedora-gcc | 0.2.1 | 52.85 | OK | |||
r-devel-windows-x86_64 | 0.2.1 | 4.00 | 51.00 | 55.00 | OK | |
r-patched-linux-x86_64 | 0.2.1 | 2.91 | 31.97 | 34.88 | OK | |
r-release-linux-x86_64 | 0.2.1 | 3.61 | 31.69 | 35.30 | OK | |
r-release-macos-arm64 | 0.2.1 | 2.00 | 19.00 | 21.00 | OK | |
r-release-macos-x86_64 | 0.2.1 | 3.00 | 30.00 | 33.00 | OK | |
r-release-windows-x86_64 | 0.2.1 | 7.00 | 52.00 | 59.00 | OK | |
r-oldrel-macos-arm64 | 0.2.1 | 2.00 | 19.00 | 21.00 | OK | |
r-oldrel-macos-x86_64 | 0.2.1 | 3.00 | 29.00 | 32.00 | OK | |
r-oldrel-windows-x86_64 | 0.2.1 | 6.00 | 59.00 | 65.00 | OK |
Version: 0.2.1
Check: HTML version of manual
Result: NOTE
Found the following HTML validation problems:
mdb_example.html:48:1 (mdb_example.Rd:10): Warning: missing </ul> before </div>
Flavor: r-devel-linux-x86_64-debian-clang