Last updated on 2024-06-29 06:49:45 CEST.
Flavor | Version | Tinstall | Tcheck | Ttotal | Status | Flags |
---|---|---|---|---|---|---|
r-devel-linux-x86_64-debian-clang | 2.4.3 | 63.46 | 519.37 | 582.83 | OK | |
r-devel-linux-x86_64-debian-gcc | 2.4.3 | 52.82 | 365.99 | 418.81 | OK | |
r-devel-linux-x86_64-fedora-clang | 2.4.3 | 735.49 | NOTE | |||
r-devel-linux-x86_64-fedora-gcc | 2.4.3 | 703.94 | NOTE | |||
r-devel-windows-x86_64 | 2.4.3 | 54.00 | 329.00 | 383.00 | OK | |
r-patched-linux-x86_64 | 2.4.3 | 59.55 | 488.94 | 548.49 | OK | |
r-release-linux-x86_64 | 2.4.3 | 59.54 | 485.48 | 545.02 | OK | |
r-release-macos-arm64 | 2.4.3 | 173.00 | OK | |||
r-release-macos-x86_64 | 2.4.3 | 349.00 | OK | |||
r-release-windows-x86_64 | 2.4.3 | 56.00 | 330.00 | 386.00 | OK | |
r-oldrel-macos-arm64 | 2.4.3 | 155.00 | OK | |||
r-oldrel-macos-x86_64 | 2.4.3 | 341.00 | OK | |||
r-oldrel-windows-x86_64 | 2.4.3 | 73.00 | 463.00 | 536.00 | OK |
Version: 2.4.3
Check: data for non-ASCII characters
Result: NOTE
Note: found 2 marked UTF-8 strings
Flavors: r-devel-linux-x86_64-fedora-clang, r-devel-linux-x86_64-fedora-gcc