Last updated on 2025-10-24 04:50:58 CEST.
| Flavor | Version | Tinstall | Tcheck | Ttotal | Status | Flags |
|---|---|---|---|---|---|---|
| r-devel-linux-x86_64-debian-clang | 1.2.2 | 8.22 | 65.14 | 73.36 | OK | |
| r-devel-linux-x86_64-debian-gcc | 1.2.2 | 6.53 | 43.57 | 50.10 | OK | |
| r-devel-linux-x86_64-fedora-clang | 1.2.2 | 25.00 | 94.39 | 119.39 | NOTE | |
| r-devel-linux-x86_64-fedora-gcc | 1.2.2 | 20.00 | 87.35 | 107.35 | NOTE | |
| r-devel-windows-x86_64 | 1.2.2 | 12.00 | 75.00 | 87.00 | OK | |
| r-patched-linux-x86_64 | 1.2.2 | 9.13 | 60.62 | 69.75 | OK | |
| r-release-linux-x86_64 | 1.2.2 | 9.48 | 60.75 | 70.23 | OK | |
| r-release-macos-arm64 | 1.2.2 | 4.00 | 29.00 | 33.00 | OK | |
| r-release-macos-x86_64 | 1.2.2 | 7.00 | 49.00 | 56.00 | OK | |
| r-release-windows-x86_64 | 1.2.2 | 11.00 | 77.00 | 88.00 | OK | |
| r-oldrel-macos-arm64 | 1.2.2 | 4.00 | 29.00 | 33.00 | OK | |
| r-oldrel-macos-x86_64 | 1.2.2 | 6.00 | 41.00 | 47.00 | OK | |
| r-oldrel-windows-x86_64 | 1.2.2 | 15.00 | 99.00 | 114.00 | OK |
Version: 1.2.2
Check: dependencies in R code
Result: NOTE
Namespaces in Imports field not imported from:
‘ade4’ ‘dendextend’ ‘ggforce’ ‘ggrepel’ ‘stringr’ ‘tidyverse’
All declared Imports should be used.
Flavors: r-devel-linux-x86_64-fedora-clang, r-devel-linux-x86_64-fedora-gcc