CRAN Package Check Results for Package miselect

Last updated on 2025-10-22 05:51:17 CEST.

Flavor Version Tinstall Tcheck Ttotal Status Flags
r-devel-linux-x86_64-debian-clang 0.9.2 2.46 124.35 126.81 NOTE
r-devel-linux-x86_64-debian-gcc 0.9.2 2.20 92.36 94.56 NOTE
r-devel-linux-x86_64-fedora-clang 0.9.2 199.71 OK
r-devel-linux-x86_64-fedora-gcc 0.9.2 218.29 OK
r-devel-windows-x86_64 0.9.2 3.00 167.00 170.00 OK
r-patched-linux-x86_64 0.9.2 2.67 118.48 121.15 OK
r-release-linux-x86_64 0.9.2 2.15 119.25 121.40 OK
r-release-macos-arm64 0.9.2 1.00 83.00 84.00 OK
r-release-macos-x86_64 0.9.2 2.00 200.00 202.00 OK
r-release-windows-x86_64 0.9.2 3.00 171.00 174.00 OK
r-oldrel-macos-arm64 0.9.2 1.00 80.00 81.00 OK
r-oldrel-macos-x86_64 0.9.2 2.00 110.00 112.00 OK
r-oldrel-windows-x86_64 0.9.2 5.00 202.00 207.00 OK

Check Details

Version: 0.9.2
Check: HTML version of manual
Result: NOTE Found the following HTML validation problems: print.cv.galasso.html:51:1 (print.cv.galasso.Rd:12): Warning: missing </ul> before </div> print.cv.saenet.html:51:1 (print.cv.saenet.Rd:12): Warning: missing </ul> before </div> Flavors: r-devel-linux-x86_64-debian-clang, r-devel-linux-x86_64-debian-gcc