Last updated on 2025-10-24 04:50:58 CEST.
| Flavor | Version | Tinstall | Tcheck | Ttotal | Status | Flags |
|---|---|---|---|---|---|---|
| r-devel-linux-x86_64-debian-clang | 0.8.1 | 14.61 | 134.90 | 149.51 | NOTE | |
| r-devel-linux-x86_64-debian-gcc | 0.8.1 | 10.60 | 93.49 | 104.09 | OK | |
| r-devel-linux-x86_64-fedora-clang | 0.8.1 | 42.00 | 189.37 | 231.37 | OK | |
| r-devel-linux-x86_64-fedora-gcc | 0.8.1 | 34.00 | 195.55 | 229.55 | OK | |
| r-devel-windows-x86_64 | 0.8.1 | 16.00 | 117.00 | 133.00 | OK | |
| r-patched-linux-x86_64 | 0.8.1 | 15.29 | 124.51 | 139.80 | OK | |
| r-release-linux-x86_64 | 0.8.1 | 13.90 | 125.55 | 139.45 | OK | |
| r-release-macos-arm64 | 0.8.1 | 7.00 | 55.00 | 62.00 | OK | |
| r-release-macos-x86_64 | 0.8.1 | 13.00 | 113.00 | 126.00 | OK | |
| r-release-windows-x86_64 | 0.8.1 | 16.00 | 133.00 | 149.00 | OK | |
| r-oldrel-macos-arm64 | 0.8.1 | 7.00 | 67.00 | 74.00 | OK | |
| r-oldrel-macos-x86_64 | 0.8.1 | 13.00 | 105.00 | 118.00 | OK | |
| r-oldrel-windows-x86_64 | 0.8.1 | 22.00 | 176.00 | 198.00 | OK |
Version: 0.8.1
Check: HTML version of manual
Result: NOTE
Found the following HTML validation problems:
plot.gof_mlergm.html:155:1 (plot.gof_mlergm.Rd:76): Warning: missing </ul> before </div>
Flavor: r-devel-linux-x86_64-debian-clang