Last updated on 2024-06-29 06:49:46 CEST.
Flavor | Version | Tinstall | Tcheck | Ttotal | Status | Flags |
---|---|---|---|---|---|---|
r-devel-linux-x86_64-debian-clang | 0.1.3 | 5.59 | 106.69 | 112.28 | OK | |
r-devel-linux-x86_64-debian-gcc | 0.1.3 | 3.46 | 76.84 | 80.30 | OK | |
r-devel-linux-x86_64-fedora-clang | 0.1.3 | 138.62 | NOTE | |||
r-devel-linux-x86_64-fedora-gcc | 0.1.3 | 141.63 | OK | |||
r-devel-windows-x86_64 | 0.1.3 | 6.00 | 94.00 | 100.00 | OK | |
r-patched-linux-x86_64 | 0.1.3 | 11.12 | 102.71 | 113.83 | OK | |
r-release-linux-x86_64 | 0.1.3 | 4.19 | 100.54 | 104.73 | OK | |
r-release-macos-arm64 | 0.1.3 | 53.00 | OK | |||
r-release-macos-x86_64 | 0.1.3 | 69.00 | OK | |||
r-release-windows-x86_64 | 0.1.3 | 6.00 | 95.00 | 101.00 | OK | |
r-oldrel-macos-arm64 | 0.1.3 | 51.00 | OK | |||
r-oldrel-macos-x86_64 | 0.1.3 | 118.00 | OK | |||
r-oldrel-windows-x86_64 | 0.1.3 | 7.00 | 126.00 | 133.00 | OK |
Version: 0.1.3
Check: Rd cross-references
Result: NOTE
Undeclared package ‘semTools’ in Rd xrefs
Flavor: r-devel-linux-x86_64-fedora-clang