Last updated on 2024-06-18 04:56:39 CEST.
Flavor | Version | Tinstall | Tcheck | Ttotal | Status | Flags |
---|---|---|---|---|---|---|
r-devel-linux-x86_64-debian-clang | 2.1 | 47.83 | 399.95 | 447.78 | OK | |
r-devel-linux-x86_64-debian-gcc | 2.1 | 35.66 | 285.45 | 321.11 | OK | |
r-devel-linux-x86_64-fedora-clang | 2.1 | 535.57 | NOTE | |||
r-devel-linux-x86_64-fedora-gcc | 2.1 | 501.38 | NOTE | |||
r-devel-windows-x86_64 | 2.1 | 31.00 | 233.00 | 264.00 | OK | |
r-patched-linux-x86_64 | 2.1 | 41.78 | 373.63 | 415.41 | OK | |
r-release-linux-x86_64 | 2.1 | 34.65 | 374.13 | 408.78 | OK | |
r-release-macos-arm64 | 2.1 | 114.00 | OK | |||
r-release-macos-x86_64 | 2.1 | 187.00 | OK | |||
r-release-windows-x86_64 | 2.1 | 32.00 | 240.00 | 272.00 | OK | |
r-oldrel-macos-arm64 | 2.1 | 130.00 | OK | |||
r-oldrel-macos-x86_64 | 2.1 | 304.00 | OK | |||
r-oldrel-windows-x86_64 | 2.1 | 44.00 | 330.00 | 374.00 | OK |
Version: 2.1
Check: data for non-ASCII characters
Result: NOTE
Note: found 3 marked UTF-8 strings
Flavors: r-devel-linux-x86_64-fedora-clang, r-devel-linux-x86_64-fedora-gcc