Last updated on 2024-06-26 03:49:30 CEST.
Flavor | Version | Tinstall | Tcheck | Ttotal | Status | Flags |
---|---|---|---|---|---|---|
r-devel-linux-x86_64-debian-clang | 0.1.2 | OK | ||||
r-devel-linux-x86_64-debian-gcc | 0.1.2 | 13.73 | 107.58 | 121.31 | OK | |
r-devel-linux-x86_64-fedora-clang | 0.1.2 | 199.56 | NOTE | |||
r-devel-linux-x86_64-fedora-gcc | 0.1.2 | 188.04 | NOTE | |||
r-devel-windows-x86_64 | 0.1.2 | 16.00 | 115.00 | 131.00 | OK | |
r-patched-linux-x86_64 | 0.1.2 | 10.96 | 138.63 | 149.59 | OK | |
r-release-linux-x86_64 | 0.1.2 | 11.01 | 133.22 | 144.23 | OK | |
r-release-macos-arm64 | 0.1.2 | 54.00 | OK | |||
r-release-macos-x86_64 | 0.1.2 | 79.00 | OK | |||
r-release-windows-x86_64 | 0.1.2 | 17.00 | 116.00 | 133.00 | OK | |
r-oldrel-macos-arm64 | 0.1.2 | 66.00 | OK | |||
r-oldrel-macos-x86_64 | 0.1.2 | 124.00 | OK | |||
r-oldrel-windows-x86_64 | 0.1.2 | 21.00 | 149.00 | 170.00 | OK |
Version: 0.1.2
Check: data for non-ASCII characters
Result: NOTE
Note: found 19 marked Latin-1 strings
Flavors: r-devel-linux-x86_64-fedora-clang, r-devel-linux-x86_64-fedora-gcc