Last updated on 2024-06-26 03:49:30 CEST.
Flavor | Version | Tinstall | Tcheck | Ttotal | Status | Flags |
---|---|---|---|---|---|---|
r-devel-linux-x86_64-debian-clang | 5.0.1 | NOTE | ||||
r-devel-linux-x86_64-debian-gcc | 5.0.1 | 43.97 | 142.81 | 186.78 | NOTE | |
r-devel-linux-x86_64-fedora-clang | 5.0.1 | 329.08 | NOTE | |||
r-devel-linux-x86_64-fedora-gcc | 5.0.1 | 310.40 | NOTE | |||
r-devel-windows-x86_64 | 5.0.1 | 49.00 | 168.00 | 217.00 | NOTE | |
r-patched-linux-x86_64 | 5.0.1 | 50.67 | 189.26 | 239.93 | NOTE | |
r-release-linux-x86_64 | 5.0.1 | 55.65 | 186.48 | 242.13 | NOTE | |
r-release-macos-arm64 | 5.0.1 | 83.00 | NOTE | |||
r-release-macos-x86_64 | 5.0.1 | 135.00 | NOTE | |||
r-release-windows-x86_64 | 5.0.1 | 51.00 | 175.00 | 226.00 | NOTE | |
r-oldrel-macos-arm64 | 5.0.1 | 90.00 | OK | |||
r-oldrel-macos-x86_64 | 5.0.1 | 162.00 | OK | |||
r-oldrel-windows-x86_64 | 5.0.1 | 64.00 | 226.00 | 290.00 | OK |
Version: 5.0.1
Check: Rd files
Result: NOTE
checkRd: (-1) MultiManhattan.Rd:33: Lost braces; missing escapes or markup?
33 | \item{LogTimes}{Magnification of {-log10(P-value)}; the default is
| ^
checkRd: (-1) MultiManhattan.Rd:35: Lost braces; missing escapes or markup?
35 | \item{LODTimes}{Magnification of {LOD score}; the default is 1.2.}
| ^
Flavors: r-devel-linux-x86_64-debian-clang, r-devel-linux-x86_64-debian-gcc, r-devel-linux-x86_64-fedora-clang, r-devel-linux-x86_64-fedora-gcc, r-devel-windows-x86_64, r-patched-linux-x86_64, r-release-linux-x86_64, r-release-macos-arm64, r-release-macos-x86_64, r-release-windows-x86_64
Version: 5.0.1
Check: installed package size
Result: NOTE
installed size is 5.2Mb
sub-directories of 1Mb or more:
extdata 1.7Mb
libs 2.3Mb
Flavors: r-release-macos-arm64, r-release-macos-x86_64