Last updated on 2024-06-29 06:49:47 CEST.
Flavor | Version | Tinstall | Tcheck | Ttotal | Status | Flags |
---|---|---|---|---|---|---|
r-devel-linux-x86_64-debian-clang | 2.1.6 | 58.62 | 416.49 | 475.11 | OK | |
r-devel-linux-x86_64-debian-gcc | 2.1.6 | 42.89 | 292.93 | 335.82 | OK | |
r-devel-linux-x86_64-fedora-clang | 2.1.6 | 600.22 | OK | |||
r-devel-linux-x86_64-fedora-gcc | 2.1.6 | 474.87 | OK | |||
r-devel-windows-x86_64 | 2.1.6 | 43.00 | 250.00 | 293.00 | OK | |
r-patched-linux-x86_64 | 2.1.6 | 51.39 | 398.85 | 450.24 | OK | |
r-release-linux-x86_64 | 2.1.6 | 0.55 | 2.45 | 3.00 | ERROR | |
r-release-macos-arm64 | 2.1.6 | 117.00 | OK | |||
r-release-macos-x86_64 | 2.1.6 | 200.00 | OK | |||
r-release-windows-x86_64 | 2.1.6 | 43.00 | 257.00 | 300.00 | OK | |
r-oldrel-macos-arm64 | 2.1.6 | 139.00 | OK | |||
r-oldrel-macos-x86_64 | 2.1.6 | 246.00 | OK | |||
r-oldrel-windows-x86_64 | 2.1.6 | 57.00 | 351.00 | 408.00 | OK |
Version: 2.1.6
Check: package dependencies
Result: ERROR
Package required but not available: ‘RMark’
See section ‘The DESCRIPTION file’ in the ‘Writing R Extensions’
manual.
Flavor: r-release-linux-x86_64