Last updated on 2025-10-24 04:51:00 CEST.
| Flavor | Version | Tinstall | Tcheck | Ttotal | Status | Flags |
|---|---|---|---|---|---|---|
| r-devel-linux-x86_64-debian-clang | 0.1.1 | 5.08 | 47.29 | 52.37 | NOTE | |
| r-devel-linux-x86_64-debian-gcc | 0.1.1 | 3.26 | 34.80 | 38.06 | OK | |
| r-devel-linux-x86_64-fedora-clang | 0.1.1 | 15.00 | 65.85 | 80.85 | NOTE | |
| r-devel-linux-x86_64-fedora-gcc | 0.1.1 | 11.00 | 79.94 | 90.94 | NOTE | |
| r-devel-windows-x86_64 | 0.1.1 | 7.00 | 67.00 | 74.00 | OK | |
| r-patched-linux-x86_64 | 0.1.1 | 3.64 | 43.65 | 47.29 | OK | |
| r-release-linux-x86_64 | 0.1.1 | 4.58 | 43.88 | 48.46 | OK | |
| r-release-macos-arm64 | 0.1.1 | 3.00 | 43.00 | 46.00 | OK | |
| r-release-macos-x86_64 | 0.1.1 | 7.00 | 97.00 | 104.00 | OK | |
| r-release-windows-x86_64 | 0.1.1 | 8.00 | 65.00 | 73.00 | OK | |
| r-oldrel-macos-arm64 | 0.1.1 | 2.00 | 37.00 | 39.00 | OK | |
| r-oldrel-macos-x86_64 | 0.1.1 | 6.00 | 78.00 | 84.00 | OK | |
| r-oldrel-windows-x86_64 | 0.1.1 | 9.00 | 79.00 | 88.00 | OK |
Version: 0.1.1
Check: HTML version of manual
Result: NOTE
Found the following HTML validation problems:
stop_if_invalid_category.html:47:1 (stop_if_invalid_category.Rd:10): Warning: missing </ul> before </div>
stop_if_invalid_country.html:47:1 (stop_if_invalid_country.Rd:10): Warning: missing </ul> before </div>
stop_if_invalid_language.html:47:1 (stop_if_invalid_language.Rd:10): Warning: missing </ul> before </div>
stop_if_invalid_source.html:47:1 (stop_if_invalid_source.Rd:10): Warning: missing </ul> before </div>
Flavor: r-devel-linux-x86_64-debian-clang
Version: 0.1.1
Check: dependencies in R code
Result: NOTE
Namespaces in Imports field not imported from:
‘devtools’ ‘xml2’
All declared Imports should be used.
Flavors: r-devel-linux-x86_64-fedora-clang, r-devel-linux-x86_64-fedora-gcc