Last updated on 2024-06-26 03:49:31 CEST.
Flavor | Version | Tinstall | Tcheck | Ttotal | Status | Flags |
---|---|---|---|---|---|---|
r-devel-linux-x86_64-debian-clang | 2016.3.2 | NOTE | ||||
r-devel-linux-x86_64-debian-gcc | 2016.3.2 | 2.36 | 34.85 | 37.21 | NOTE | |
r-devel-linux-x86_64-fedora-clang | 2016.3.2 | 64.80 | NOTE | |||
r-devel-linux-x86_64-fedora-gcc | 2016.3.2 | 75.04 | NOTE | |||
r-devel-windows-x86_64 | 2016.3.2 | 5.00 | 71.00 | 76.00 | OK | |
r-patched-linux-x86_64 | 2016.3.2 | 4.23 | 43.68 | 47.91 | NOTE | |
r-release-linux-x86_64 | 2016.3.2 | 3.33 | 44.31 | 47.64 | NOTE | |
r-release-macos-arm64 | 2016.3.2 | 28.00 | NOTE | |||
r-release-macos-x86_64 | 2016.3.2 | 45.00 | NOTE | |||
r-release-windows-x86_64 | 2016.3.2 | 4.00 | 73.00 | 77.00 | OK | |
r-oldrel-macos-arm64 | 2016.3.2 | 30.00 | OK | |||
r-oldrel-macos-x86_64 | 2016.3.2 | 46.00 | OK | |||
r-oldrel-windows-x86_64 | 2016.3.2 | 4.00 | 71.00 | 75.00 | OK |
Version: 2016.3.2
Check: package dependencies
Result: NOTE
Packages suggested but not available for checking: 'Rvmmin', 'Rcgmin'
Flavors: r-devel-linux-x86_64-debian-clang, r-devel-linux-x86_64-debian-gcc, r-devel-linux-x86_64-fedora-clang, r-devel-linux-x86_64-fedora-gcc, r-patched-linux-x86_64, r-release-linux-x86_64, r-release-macos-arm64, r-release-macos-x86_64